CRAN Package Check Results for Package lmvar

Last updated on 2021-10-25 09:55:25 CEST.

Flavor Version Tinstall Tcheck Ttotal Status Flags
r-devel-linux-x86_64-debian-clang 1.5.2 5.58 80.03 85.61 NOTE
r-devel-linux-x86_64-debian-gcc 1.5.2 4.17 61.29 65.46 NOTE
r-devel-linux-x86_64-fedora-clang 1.5.2 114.50 NOTE
r-devel-linux-x86_64-fedora-gcc 1.5.2 104.09 NOTE
r-devel-windows-x86_64 1.5.2 9.00 164.00 173.00 NOTE
r-devel-windows-x86_64-gcc10-UCRT 1.5.2 NOTE
r-patched-linux-x86_64 1.5.2 5.97 77.65 83.62 NOTE
r-patched-solaris-x86 1.5.2 277.50 NOTE
r-release-linux-x86_64 1.5.2 4.65 78.42 83.07 NOTE
r-release-macos-arm64 1.5.2 NOTE
r-release-macos-x86_64 1.5.2 NOTE
r-release-windows-ix86+x86_64 1.5.2 9.00 161.00 170.00 NOTE
r-oldrel-macos-x86_64 1.5.2 OK
r-oldrel-windows-ix86+x86_64 1.5.2 11.00 174.00 185.00 OK

Check Details

Version: 1.5.2
Check: LazyData
Result: NOTE
     'LazyData' is specified without a 'data' directory
Flavors: r-devel-linux-x86_64-debian-clang, r-devel-linux-x86_64-debian-gcc, r-devel-linux-x86_64-fedora-clang, r-devel-linux-x86_64-fedora-gcc, r-devel-windows-x86_64, r-devel-windows-x86_64-gcc10-UCRT, r-patched-linux-x86_64, r-patched-solaris-x86, r-release-linux-x86_64, r-release-macos-arm64, r-release-macos-x86_64, r-release-windows-ix86+x86_64