Last updated on 2024-05-07 10:56:03 CEST.
Flavor | Version | Tinstall | Tcheck | Ttotal | Status | Flags |
---|---|---|---|---|---|---|
r-devel-linux-x86_64-debian-clang | 1.2.1 | 4.09 | 66.26 | 70.35 | OK | |
r-devel-linux-x86_64-debian-gcc | 1.2.1 | 3.42 | 46.90 | 50.32 | OK | |
r-devel-linux-x86_64-fedora-clang | 1.2.1 | 87.40 | NOTE | |||
r-devel-linux-x86_64-fedora-gcc | 1.2.1 | 86.60 | OK | |||
r-devel-windows-x86_64 | 1.2.1 | 5.00 | 64.00 | 69.00 | OK | |
r-patched-linux-x86_64 | 1.2.1 | 5.81 | 62.84 | 68.65 | OK | |
r-release-linux-x86_64 | 1.2.1 | 5.06 | 62.06 | 67.12 | OK | |
r-release-macos-arm64 | 1.2.1 | 23.00 | OK | |||
r-release-windows-x86_64 | 1.2.1 | 5.00 | 64.00 | 69.00 | OK | |
r-oldrel-macos-arm64 | 1.2.1 | 25.00 | OK | |||
r-oldrel-macos-x86_64 | 1.2.1 | 40.00 | OK | |||
r-oldrel-windows-x86_64 | 1.2.1 | 4.00 | 75.00 | 79.00 | OK |
Version: 1.2.1
Check: Rd cross-references
Result: NOTE
Undeclared packages ‘sfsmisc’, ‘mnormt’ in Rd xrefs
Flavor: r-devel-linux-x86_64-fedora-clang