CRAN Package Check Results for Package lmQCM

Last updated on 2021-05-07 09:50:13 CEST.

Flavor Version Tinstall Tcheck Ttotal Status Flags
r-devel-linux-x86_64-debian-clang 0.2.3 21.57 200.72 222.29 NOTE
r-devel-linux-x86_64-debian-gcc 0.2.3 17.74 149.13 166.87 NOTE
r-devel-linux-x86_64-fedora-clang 0.2.3 293.17 NOTE
r-devel-linux-x86_64-fedora-gcc 0.2.3 278.27 NOTE
r-devel-windows-ix86+x86_64 0.2.3 36.00 223.00 259.00 NOTE
r-devel-windows-x86_64-gcc10-UCRT 0.2.3 NOTE
r-patched-linux-x86_64 0.2.3 17.60 188.87 206.47 NOTE
r-patched-solaris-x86 0.2.3 334.50 OK
r-release-linux-x86_64 0.2.3 18.13 157.27 175.40 OK
r-release-macos-x86_64 0.2.3 OK
r-release-windows-ix86+x86_64 0.2.3 31.00 143.00 174.00 OK
r-oldrel-macos-x86_64 0.2.3 OK
r-oldrel-windows-ix86+x86_64 0.2.3 39.00 150.00 189.00 OK

Check Details

Version: 0.2.3
Check: LazyData
Result: NOTE
     'LazyData' is specified without a 'data' directory
Flavors: r-devel-linux-x86_64-debian-clang, r-devel-linux-x86_64-debian-gcc, r-devel-linux-x86_64-fedora-clang, r-devel-linux-x86_64-fedora-gcc, r-devel-windows-ix86+x86_64, r-devel-windows-x86_64-gcc10-UCRT, r-patched-linux-x86_64