CRAN Package Check Results for Package lintr

Last updated on 2021-09-17 09:53:28 CEST.

Flavor Version Tinstall Tcheck Ttotal Status Flags
r-devel-linux-x86_64-debian-clang 2.0.1 8.82 71.56 80.38 NOTE
r-devel-linux-x86_64-debian-gcc 2.0.1 7.08 54.33 61.41 NOTE
r-devel-linux-x86_64-fedora-clang 2.0.1 101.14 NOTE
r-devel-linux-x86_64-fedora-gcc 2.0.1 102.53 NOTE
r-devel-windows-x86_64 2.0.1 7.00 100.00 107.00 NOTE
r-devel-windows-x86_64-gcc10-UCRT 2.0.1 NOTE
r-patched-linux-x86_64 2.0.1 8.69 68.84 77.53 NOTE
r-patched-solaris-x86 2.0.1 126.00 NOTE
r-release-linux-x86_64 2.0.1 8.31 69.15 77.46 NOTE
r-release-macos-arm64 2.0.1 NOTE
r-release-macos-x86_64 2.0.1 NOTE
r-release-windows-ix86+x86_64 2.0.1 14.00 76.00 90.00 NOTE
r-oldrel-macos-x86_64 2.0.1 OK
r-oldrel-windows-ix86+x86_64 2.0.1 11.00 86.00 97.00 OK

Check Details

Version: 2.0.1
Check: LazyData
Result: NOTE
     'LazyData' is specified without a 'data' directory
Flavors: r-devel-linux-x86_64-debian-clang, r-devel-linux-x86_64-debian-gcc, r-devel-linux-x86_64-fedora-clang, r-devel-linux-x86_64-fedora-gcc, r-devel-windows-x86_64, r-devel-windows-x86_64-gcc10-UCRT, r-patched-linux-x86_64, r-patched-solaris-x86, r-release-linux-x86_64, r-release-macos-arm64, r-release-macos-x86_64, r-release-windows-ix86+x86_64