CRAN Package Check Results for Package linkprediction

Last updated on 2021-10-21 09:54:56 CEST.

Flavor Version Tinstall Tcheck Ttotal Status Flags
r-devel-linux-x86_64-debian-clang 1.0-0 2.18 29.33 31.51 NOTE
r-devel-linux-x86_64-debian-gcc 1.0-0 1.70 23.27 24.97 NOTE
r-devel-linux-x86_64-fedora-clang 1.0-0 49.63 NOTE
r-devel-linux-x86_64-fedora-gcc 1.0-0 38.44 NOTE
r-devel-windows-x86_64 1.0-0 9.00 49.00 58.00 NOTE
r-devel-windows-x86_64-gcc10-UCRT 1.0-0 ERROR
r-patched-linux-x86_64 1.0-0 2.41 26.62 29.03 NOTE
r-patched-solaris-x86 1.0-0 58.80 NOTE
r-release-linux-x86_64 1.0-0 2.41 26.94 29.35 NOTE
r-release-macos-arm64 1.0-0 NOTE
r-release-macos-x86_64 1.0-0 NOTE
r-release-windows-ix86+x86_64 1.0-0 4.00 47.00 51.00 NOTE
r-oldrel-macos-x86_64 1.0-0 OK
r-oldrel-windows-ix86+x86_64 1.0-0 6.00 52.00 58.00 OK

Check Details

Version: 1.0-0
Check: LazyData
Result: NOTE
     'LazyData' is specified without a 'data' directory
Flavors: r-devel-linux-x86_64-debian-clang, r-devel-linux-x86_64-debian-gcc, r-devel-linux-x86_64-fedora-clang, r-devel-linux-x86_64-fedora-gcc, r-devel-windows-x86_64, r-patched-linux-x86_64, r-patched-solaris-x86, r-release-linux-x86_64, r-release-macos-arm64, r-release-macos-x86_64, r-release-windows-ix86+x86_64

Version: 1.0-0
Check: package dependencies
Result: ERROR
    Packages required but not available: 'igraph', 'intergraph'
    
    See section 'The DESCRIPTION file' in the 'Writing R Extensions'
    manual.
Flavor: r-devel-windows-x86_64-gcc10-UCRT