CRAN Package Check Results for Package linear.tools

Last updated on 2021-10-16 09:54:22 CEST.

Flavor Version Tinstall Tcheck Ttotal Status Flags
r-devel-linux-x86_64-debian-clang 1.3.0 6.73 75.53 82.26 NOTE
r-devel-linux-x86_64-debian-gcc 1.3.0 5.31 57.53 62.84 NOTE
r-devel-linux-x86_64-fedora-clang 1.3.0 109.87 NOTE
r-devel-linux-x86_64-fedora-gcc 1.3.0 98.31 NOTE
r-devel-windows-x86_64 1.3.0 9.00 80.00 89.00 NOTE
r-devel-windows-x86_64-gcc10-UCRT 1.3.0 NOTE
r-patched-linux-x86_64 1.3.0 5.94 70.15 76.09 NOTE
r-patched-solaris-x86 1.3.0 140.50 NOTE
r-release-linux-x86_64 1.3.0 4.54 70.33 74.87 NOTE
r-release-macos-arm64 1.3.0 NOTE
r-release-macos-x86_64 1.3.0 NOTE
r-release-windows-ix86+x86_64 1.3.0 16.00 105.00 121.00 NOTE
r-oldrel-macos-x86_64 1.3.0 OK
r-oldrel-windows-ix86+x86_64 1.3.0 16.00 106.00 122.00 OK

Check Details

Version: 1.3.0
Check: LazyData
Result: NOTE
     'LazyData' is specified without a 'data' directory
Flavors: r-devel-linux-x86_64-debian-clang, r-devel-linux-x86_64-debian-gcc, r-devel-linux-x86_64-fedora-clang, r-devel-linux-x86_64-fedora-gcc, r-devel-windows-x86_64, r-devel-windows-x86_64-gcc10-UCRT, r-patched-linux-x86_64, r-patched-solaris-x86, r-release-linux-x86_64, r-release-macos-arm64, r-release-macos-x86_64, r-release-windows-ix86+x86_64