CRAN Package Check Results for Package likelihoodAsy

Last updated on 2021-09-22 09:52:32 CEST.

Flavor Version Tinstall Tcheck Ttotal Status Flags
r-devel-linux-x86_64-debian-clang 0.51 8.36 161.51 169.87 OK
r-devel-linux-x86_64-debian-gcc 0.51 6.89 115.65 122.54 OK
r-devel-linux-x86_64-fedora-clang 0.51 211.03 OK
r-devel-linux-x86_64-fedora-gcc 0.51 199.10 OK
r-devel-windows-x86_64 0.51 9.00 150.00 159.00 OK
r-devel-windows-x86_64-gcc10-UCRT 0.51 ERROR
r-patched-linux-x86_64 0.51 7.22 156.79 164.01 OK
r-patched-solaris-x86 0.51 275.90 OK
r-release-linux-x86_64 0.51 7.56 155.49 163.05 OK
r-release-macos-arm64 0.51 OK
r-release-macos-x86_64 0.51 OK
r-release-windows-ix86+x86_64 0.51 19.00 143.00 162.00 OK
r-oldrel-macos-x86_64 0.51 OK
r-oldrel-windows-ix86+x86_64 0.51 14.00 158.00 172.00 OK

Check Details

Version: 0.51
Check: PDF version of manual
Result: WARN
    LaTeX errors when creating PDF version.
    This typically indicates Rd problems.
Flavor: r-devel-windows-x86_64-gcc10-UCRT

Version: 0.51
Check: PDF version of manual without hyperrefs or index
Result: ERROR
    Re-running with no redirection of stdout/stderr.
Flavor: r-devel-windows-x86_64-gcc10-UCRT