CRAN Package Check Results for Package lifecycle

Last updated on 2021-09-27 09:49:44 CEST.

Flavor Version Tinstall Tcheck Ttotal Status Flags
r-devel-linux-x86_64-debian-clang 1.0.0 2.81 34.78 37.59 NOTE
r-devel-linux-x86_64-debian-gcc 1.0.1 2.11 29.68 31.79 OK
r-devel-linux-x86_64-fedora-clang 1.0.1 58.32 OK
r-devel-linux-x86_64-fedora-gcc 1.0.1 48.84 OK
r-devel-windows-x86_64 1.0.0 4.00 45.00 49.00 NOTE
r-devel-windows-x86_64-gcc10-UCRT 1.0.0 NOTE
r-patched-linux-x86_64 1.0.0 2.34 35.02 37.36 NOTE
r-patched-solaris-x86 1.0.1 69.50 OK
r-release-linux-x86_64 1.0.1 2.45 37.99 40.44 OK
r-release-macos-arm64 1.0.0 NOTE
r-release-macos-x86_64 1.0.1 OK
r-release-windows-ix86+x86_64 1.0.0 7.00 43.00 50.00 NOTE
r-oldrel-macos-x86_64 1.0.1 OK
r-oldrel-windows-ix86+x86_64 1.0.0 6.00 40.00 46.00 OK

Check Details

Version: 1.0.0
Check: LazyData
Result: NOTE
     'LazyData' is specified without a 'data' directory
Flavors: r-devel-linux-x86_64-debian-clang, r-devel-windows-x86_64, r-devel-windows-x86_64-gcc10-UCRT, r-patched-linux-x86_64, r-release-macos-arm64, r-release-windows-ix86+x86_64