CRAN Package Check Results for Package lfl

Last updated on 2021-10-24 10:04:10 CEST.

Flavor Version Tinstall Tcheck Ttotal Status Flags
r-devel-linux-x86_64-debian-clang 2.1.2 71.87 126.27 198.14 OK
r-devel-linux-x86_64-debian-gcc 2.1.2 53.27 90.97 144.24 OK
r-devel-linux-x86_64-fedora-clang 2.1.2 279.82 OK
r-devel-linux-x86_64-fedora-gcc 2.1.2 243.84 OK
r-devel-windows-x86_64 2.1.2 96.00 170.00 266.00 NOTE
r-devel-windows-x86_64-gcc10-UCRT 2.1.2 NOTE
r-patched-linux-x86_64 2.1.2 68.82 118.11 186.93 OK
r-patched-solaris-x86 2.1.2 274.50 OK
r-release-linux-x86_64 2.1.2 63.97 117.53 181.50 OK
r-release-macos-arm64 2.1.2 OK
r-release-macos-x86_64 2.1.2 OK
r-release-windows-ix86+x86_64 2.1.2 128.00 249.00 377.00 NOTE
r-oldrel-macos-x86_64 2.1.2 OK
r-oldrel-windows-ix86+x86_64 2.1.2 180.00 270.00 450.00 NOTE

Check Details

Version: 2.1.2
Check: package dependencies
Result: NOTE
    Package suggested but not available for checking: 'doMC'
Flavors: r-devel-windows-x86_64, r-devel-windows-x86_64-gcc10-UCRT, r-release-windows-ix86+x86_64, r-oldrel-windows-ix86+x86_64

Version: 2.1.2
Check: Rd cross-references
Result: NOTE
    Package unavailable to check Rd xrefs: 'doMC'
Flavors: r-devel-windows-x86_64, r-devel-windows-x86_64-gcc10-UCRT, r-release-windows-ix86+x86_64, r-oldrel-windows-ix86+x86_64