CRAN Package Check Results for Package legco

Last updated on 2021-09-17 09:53:27 CEST.

Flavor Version Tinstall Tcheck Ttotal Status Flags
r-devel-linux-x86_64-debian-clang 0.1.3 7.24 50.58 57.82 OK
r-devel-linux-x86_64-debian-gcc 0.1.3 4.79 38.67 43.46 OK
r-devel-linux-x86_64-fedora-clang 0.1.3 75.30 NOTE
r-devel-linux-x86_64-fedora-gcc 0.1.3 63.32 NOTE
r-devel-windows-x86_64 0.1.3 6.00 177.00 183.00 OK
r-devel-windows-x86_64-gcc10-UCRT 0.1.3 NOTE
r-patched-linux-x86_64 0.1.3 7.43 52.56 59.99 OK
r-patched-solaris-x86 0.1.3 101.60 NOTE
r-release-linux-x86_64 0.1.3 5.76 51.86 57.62 OK
r-release-macos-arm64 0.1.3 NOTE
r-release-macos-x86_64 0.1.3 NOTE
r-release-windows-ix86+x86_64 0.1.3 9.00 140.00 149.00 OK
r-oldrel-macos-x86_64 0.1.3 NOTE
r-oldrel-windows-ix86+x86_64 0.1.3 8.00 148.00 156.00 OK

Check Details

Version: 0.1.3
Check: data for non-ASCII characters
Result: NOTE
     Note: found 51 marked UTF-8 strings
Flavors: r-devel-linux-x86_64-fedora-clang, r-devel-linux-x86_64-fedora-gcc, r-devel-windows-x86_64-gcc10-UCRT, r-patched-solaris-x86, r-release-macos-arm64, r-release-macos-x86_64, r-oldrel-macos-x86_64