Last updated on 2024-08-13 10:50:25 CEST.
Flavor | Version | Tinstall | Tcheck | Ttotal | Status | Flags |
---|---|---|---|---|---|---|
r-devel-linux-x86_64-debian-clang | 6.2.1 | 888.15 | 186.91 | 1075.06 | OK | |
r-devel-linux-x86_64-debian-gcc | 6.2.1 | 463.43 | 125.96 | 589.39 | OK | |
r-devel-linux-x86_64-fedora-clang | 6.2.1 | 1334.01 | NOTE | |||
r-devel-linux-x86_64-fedora-gcc | 6.2.1 | 1508.75 | OK | |||
r-devel-windows-x86_64 | 6.2.1 | 582.00 | 258.00 | 840.00 | NOTE | |
r-patched-linux-x86_64 | 6.2.1 | 713.96 | 176.21 | 890.17 | OK | |
r-release-linux-x86_64 | 6.2.1 | 710.30 | 175.67 | 885.97 | OK | |
r-release-macos-arm64 | 6.2.1 | 279.00 | NOTE | |||
r-release-macos-x86_64 | 6.2.1 | 337.00 | NOTE | |||
r-release-windows-x86_64 | 6.2.1 | 578.00 | 259.00 | 837.00 | NOTE | |
r-oldrel-macos-arm64 | 6.2.1 | 253.00 | NOTE | |||
r-oldrel-macos-x86_64 | 6.2.1 | 383.00 | NOTE | |||
r-oldrel-windows-x86_64 | 6.2.1 | 760.00 | 308.00 | 1068.00 | NOTE |
Version: 6.2.1
Check: installed package size
Result: NOTE
installed size is 13.1Mb
sub-directories of 1Mb or more:
doc 2.5Mb
libs 8.9Mb
Flavors: r-devel-linux-x86_64-fedora-clang, r-devel-windows-x86_64, r-release-macos-arm64, r-release-macos-x86_64, r-release-windows-x86_64, r-oldrel-macos-arm64, r-oldrel-macos-x86_64, r-oldrel-windows-x86_64