CRAN Package Check Results for Package leaflet.multiopacity

Last updated on 2021-10-21 09:54:55 CEST.

Flavor Version Tinstall Tcheck Ttotal Status Flags
r-devel-linux-x86_64-debian-clang 0.1.1 2.24 44.68 46.92 NOTE
r-devel-linux-x86_64-debian-gcc 0.1.1 1.53 34.27 35.80 NOTE
r-devel-linux-x86_64-fedora-clang 0.1.1 67.55 NOTE
r-devel-linux-x86_64-fedora-gcc 0.1.1 55.59 NOTE
r-devel-windows-x86_64 0.1.1 4.00 68.00 72.00 NOTE
r-devel-windows-x86_64-gcc10-UCRT 0.1.1 NOTE
r-patched-linux-x86_64 0.1.1 2.16 43.20 45.36 NOTE
r-patched-solaris-x86 0.1.1 65.00 WARN
r-release-linux-x86_64 0.1.1 2.19 43.74 45.93 NOTE
r-release-macos-arm64 0.1.1 NOTE
r-release-macos-x86_64 0.1.1 WARN
r-release-windows-ix86+x86_64 0.1.1 4.00 76.00 80.00 NOTE
r-oldrel-macos-x86_64 0.1.1 WARN
r-oldrel-windows-ix86+x86_64 0.1.1 6.00 65.00 71.00 OK

Check Details

Version: 0.1.1
Check: LazyData
Result: NOTE
     'LazyData' is specified without a 'data' directory
Flavors: r-devel-linux-x86_64-debian-clang, r-devel-linux-x86_64-debian-gcc, r-devel-linux-x86_64-fedora-clang, r-devel-linux-x86_64-fedora-gcc, r-devel-windows-x86_64, r-devel-windows-x86_64-gcc10-UCRT, r-patched-linux-x86_64, r-patched-solaris-x86, r-release-linux-x86_64, r-release-macos-arm64, r-release-macos-x86_64, r-release-windows-ix86+x86_64

Version: 0.1.1
Check: re-building of vignette outputs
Result: WARN
    Error(s) in re-building vignettes:
     ...
    --- re-building ‘usage-leaflet.Rmd’ using rmarkdown
    Pandoc is required to build R Markdown vignettes but not available. Please make sure it is installed.
    Loading required package: sp
    Quitting from lines 32-38 (usage-leaflet.Rmd)
    Error: processing vignette 'usage-leaflet.Rmd' failed with diagnostics:
    there is no package called 'webshot'
    --- failed re-building ‘usage-leaflet.Rmd’
    
    --- re-building ‘usage-leafletProxy.Rmd’ using rmarkdown
    Pandoc is required to build R Markdown vignettes but not available. Please make sure it is installed.
    --- finished re-building ‘usage-leafletProxy.Rmd’
    
    SUMMARY: processing the following file failed:
     ‘usage-leaflet.Rmd’
    
    Error: Vignette re-building failed.
    Execution halted
Flavor: r-patched-solaris-x86

Version: 0.1.1
Check: re-building of vignette outputs
Result: WARN
    Error(s) in re-building vignettes:
    --- re-building ‘usage-leaflet.Rmd’ using rmarkdown
    Warning in engine$weave(file, quiet = quiet, encoding = enc) :
     Pandoc (>= 1.12.3) not available. Falling back to R Markdown v1.
    Loading required package: sp
    Warning in showSRID(uprojargs, format = "PROJ", multiline = "NO", prefer_proj = prefer_proj) :
     Discarded ellps WGS 84 in Proj4 definition: +proj=merc +a=6378137 +b=6378137 +lat_ts=0 +lon_0=0 +x_0=0 +y_0=0 +k=1 +units=m +nadgrids=@null +wktext +no_defs +type=crs
    Warning in showSRID(uprojargs, format = "PROJ", multiline = "NO", prefer_proj = prefer_proj) :
     Discarded datum World Geodetic System 1984 in Proj4 definition
    Warning in showSRID(uprojargs, format = "PROJ", multiline = "NO", prefer_proj = prefer_proj) :
     Discarded ellps WGS 84 in Proj4 definition: +proj=merc +a=6378137 +b=6378137 +lat_ts=0 +lon_0=0 +x_0=0 +y_0=0 +k=1 +units=m +nadgrids=@null +wktext +no_defs +type=crs
    Warning in showSRID(uprojargs, format = "PROJ", multiline = "NO", prefer_proj = prefer_proj) :
     Discarded datum World Geodetic System 1984 in Proj4 definition
    Quitting from lines 32-38 (usage-leaflet.Rmd)
    Error: processing vignette 'usage-leaflet.Rmd' failed with diagnostics:
    invalid 'path' argument
    --- failed re-building ‘usage-leaflet.Rmd’
    
    --- re-building ‘usage-leafletProxy.Rmd’ using rmarkdown
    Warning in engine$weave(file, quiet = quiet, encoding = enc) :
     Pandoc (>= 1.12.3) not available. Falling back to R Markdown v1.
    --- finished re-building ‘usage-leafletProxy.Rmd’
    
    SUMMARY: processing the following file failed:
     ‘usage-leaflet.Rmd’
    
    Error: Vignette re-building failed.
    Execution halted
Flavor: r-release-macos-x86_64

Version: 0.1.1
Check: re-building of vignette outputs
Result: WARN
    Error(s) in re-building vignettes:
    --- re-building ‘usage-leaflet.Rmd’ using rmarkdown
    Warning in engine$weave(file, quiet = quiet, encoding = enc) :
     Pandoc (>= 1.12.3) and/or pandoc-citeproc not available. Falling back to R Markdown v1.
    Loading required package: sp
    Warning in showSRID(uprojargs, format = "PROJ", multiline = "NO", prefer_proj = prefer_proj) :
     Discarded ellps WGS 84 in CRS definition: +proj=merc +a=6378137 +b=6378137 +lat_ts=0 +lon_0=0 +x_0=0 +y_0=0 +k=1 +units=m +nadgrids=@null +wktext +no_defs +type=crs
    Warning in showSRID(uprojargs, format = "PROJ", multiline = "NO", prefer_proj = prefer_proj) :
     Discarded datum World Geodetic System 1984 in CRS definition
    Warning in showSRID(uprojargs, format = "PROJ", multiline = "NO", prefer_proj = prefer_proj) :
     Discarded ellps WGS 84 in CRS definition: +proj=merc +a=6378137 +b=6378137 +lat_ts=0 +lon_0=0 +x_0=0 +y_0=0 +k=1 +units=m +nadgrids=@null +wktext +no_defs +type=crs
    Warning in showSRID(uprojargs, format = "PROJ", multiline = "NO", prefer_proj = prefer_proj) :
     Discarded datum World Geodetic System 1984 in CRS definition
    Warning in normalizePath(f2) :
     path[1]="webshot155cc2c57d3d.png": No such file or directory
    Warning in file(con, "rb") :
     cannot open file 'webshot155cc2c57d3d.png': No such file or directory
    Quitting from lines 32-38 (usage-leaflet.Rmd)
    Error: processing vignette 'usage-leaflet.Rmd' failed with diagnostics:
    cannot open the connection
    --- failed re-building ‘usage-leaflet.Rmd’
    
    --- re-building ‘usage-leafletProxy.Rmd’ using rmarkdown
    Warning in engine$weave(file, quiet = quiet, encoding = enc) :
     Pandoc (>= 1.12.3) and/or pandoc-citeproc not available. Falling back to R Markdown v1.
    --- finished re-building ‘usage-leafletProxy.Rmd’
    
    SUMMARY: processing the following file failed:
     ‘usage-leaflet.Rmd’
    
    Error: Vignette re-building failed.
    Execution halted
Flavor: r-oldrel-macos-x86_64