Last updated on 2024-04-18 10:49:52 CEST.
Flavor | Version | Tinstall | Tcheck | Ttotal | Status | Flags |
---|---|---|---|---|---|---|
r-devel-linux-x86_64-debian-clang | 1.0.4 | 8.29 | 48.31 | 56.60 | NOTE | |
r-devel-linux-x86_64-debian-gcc | 1.0.4 | 5.60 | 34.78 | 40.38 | NOTE | |
r-devel-linux-x86_64-fedora-clang | 1.0.4 | 66.86 | NOTE | |||
r-devel-linux-x86_64-fedora-gcc | 1.0.4 | 62.60 | NOTE | |||
r-prerel-macos-arm64 | 1.0.4 | 22.00 | NOTE | |||
r-prerel-windows-x86_64 | 1.0.4 | 7.00 | 53.00 | 60.00 | NOTE | |
r-patched-linux-x86_64 | 1.0.4 | 7.74 | 45.18 | 52.92 | NOTE | |
r-release-linux-x86_64 | 1.0.4 | 8.02 | 46.15 | 54.17 | NOTE | |
r-release-macos-arm64 | 1.0.4 | 22.00 | NOTE | |||
r-release-macos-x86_64 | 1.0.4 | 40.00 | NOTE | |||
r-release-windows-x86_64 | 1.0.4 | 9.00 | 58.00 | 67.00 | NOTE | |
r-oldrel-macos-arm64 | 1.0.4 | 23.00 | NOTE | |||
r-oldrel-windows-x86_64 | 1.0.4 | 9.00 | 62.00 | 71.00 | NOTE |
Version: 1.0.4
Check: LazyData
Result: NOTE
'LazyData' is specified without a 'data' directory
Flavors: r-devel-linux-x86_64-debian-clang, r-devel-linux-x86_64-debian-gcc, r-devel-linux-x86_64-fedora-clang, r-devel-linux-x86_64-fedora-gcc, r-prerel-macos-arm64, r-prerel-windows-x86_64, r-patched-linux-x86_64, r-release-linux-x86_64, r-release-macos-arm64, r-release-macos-x86_64, r-release-windows-x86_64, r-oldrel-macos-arm64, r-oldrel-windows-x86_64