CRAN Package Check Results for Package lazyeval

Last updated on 2021-09-17 09:53:27 CEST.

Flavor Version Tinstall Tcheck Ttotal Status Flags
r-devel-linux-x86_64-debian-clang 0.2.2 2.77 32.78 35.55 NOTE
r-devel-linux-x86_64-debian-gcc 0.2.2 2.29 25.91 28.20 NOTE
r-devel-linux-x86_64-fedora-clang 0.2.2 53.91 NOTE
r-devel-linux-x86_64-fedora-gcc 0.2.2 42.58 NOTE
r-devel-windows-x86_64 0.2.2 9.00 66.00 75.00 NOTE
r-devel-windows-x86_64-gcc10-UCRT 0.2.2 NOTE
r-patched-linux-x86_64 0.2.2 2.33 32.12 34.45 NOTE
r-patched-solaris-x86 0.2.2 61.20 NOTE
r-release-linux-x86_64 0.2.2 2.41 32.51 34.92 NOTE
r-release-macos-arm64 0.2.2 NOTE
r-release-macos-x86_64 0.2.2 NOTE
r-release-windows-ix86+x86_64 0.2.2 13.00 44.00 57.00 NOTE
r-oldrel-macos-x86_64 0.2.2 OK
r-oldrel-windows-ix86+x86_64 0.2.2 13.00 54.00 67.00 OK

Check Details

Version: 0.2.2
Check: LazyData
Result: NOTE
     'LazyData' is specified without a 'data' directory
Flavors: r-devel-linux-x86_64-debian-clang, r-devel-linux-x86_64-debian-gcc, r-devel-linux-x86_64-fedora-clang, r-devel-linux-x86_64-fedora-gcc, r-devel-windows-x86_64, r-devel-windows-x86_64-gcc10-UCRT, r-patched-linux-x86_64, r-patched-solaris-x86, r-release-linux-x86_64, r-release-macos-arm64, r-release-macos-x86_64, r-release-windows-ix86+x86_64