Last updated on 2024-04-26 09:52:03 CEST.
Flavor | Version | Tinstall | Tcheck | Ttotal | Status | Flags |
---|---|---|---|---|---|---|
r-devel-linux-x86_64-debian-clang | 1.2 | 16.83 | 156.19 | 173.02 | NOTE | |
r-devel-linux-x86_64-debian-gcc | 1.2 | 15.84 | 115.19 | 131.03 | NOTE | |
r-devel-linux-x86_64-fedora-clang | 1.2 | 219.23 | NOTE | |||
r-devel-linux-x86_64-fedora-gcc | 1.2 | 207.27 | NOTE | |||
r-devel-windows-x86_64 | 1.2 | 17.00 | 117.00 | 134.00 | NOTE | |
r-patched-linux-x86_64 | 1.2 | 15.91 | 150.51 | 166.42 | NOTE | |
r-release-linux-x86_64 | 1.2 | 17.99 | 148.74 | 166.73 | NOTE | |
r-release-macos-arm64 | 1.2 | 61.00 | NOTE | |||
r-release-windows-x86_64 | 1.2 | 17.00 | 117.00 | 134.00 | NOTE | |
r-oldrel-macos-arm64 | 1.2 | 67.00 | NOTE | |||
r-oldrel-macos-x86_64 | 1.2 | 109.00 | NOTE | |||
r-oldrel-windows-x86_64 | 1.2 | 22.00 | 142.00 | 164.00 | NOTE |
Version: 1.2
Check: LazyData
Result: NOTE
'LazyData' is specified without a 'data' directory
Flavors: r-devel-linux-x86_64-debian-clang, r-devel-linux-x86_64-debian-gcc, r-devel-linux-x86_64-fedora-clang, r-devel-linux-x86_64-fedora-gcc, r-devel-windows-x86_64, r-patched-linux-x86_64, r-release-linux-x86_64, r-release-macos-arm64, r-release-windows-x86_64, r-oldrel-macos-arm64, r-oldrel-macos-x86_64, r-oldrel-windows-x86_64