CRAN Package Check Results for Package labelled

Last updated on 2021-09-21 09:52:45 CEST.

Flavor Version Tinstall Tcheck Ttotal Status Flags
r-devel-linux-x86_64-debian-clang 2.8.0 5.25 66.62 71.87 NOTE
r-devel-linux-x86_64-debian-gcc 2.8.0 4.64 49.80 54.44 NOTE
r-devel-linux-x86_64-fedora-clang 2.8.0 94.45 NOTE
r-devel-linux-x86_64-fedora-gcc 2.8.0 83.12 NOTE
r-devel-windows-x86_64 2.8.0 8.00 70.00 78.00 NOTE
r-devel-windows-x86_64-gcc10-UCRT 2.8.0 ERROR
r-patched-linux-x86_64 2.8.0 5.59 64.39 69.98 NOTE
r-patched-solaris-x86 2.8.0 105.50 NOTE
r-release-linux-x86_64 2.8.0 6.08 64.33 70.41 NOTE
r-release-macos-arm64 2.8.0 NOTE
r-release-macos-x86_64 2.8.0 NOTE
r-release-windows-ix86+x86_64 2.8.0 14.00 64.00 78.00 NOTE
r-oldrel-macos-x86_64 2.8.0 OK
r-oldrel-windows-ix86+x86_64 2.8.0 14.00 68.00 82.00 OK

Check Details

Version: 2.8.0
Check: LazyData
Result: NOTE
     'LazyData' is specified without a 'data' directory
Flavors: r-devel-linux-x86_64-debian-clang, r-devel-linux-x86_64-debian-gcc, r-devel-linux-x86_64-fedora-clang, r-devel-linux-x86_64-fedora-gcc, r-devel-windows-x86_64, r-devel-windows-x86_64-gcc10-UCRT, r-patched-linux-x86_64, r-patched-solaris-x86, r-release-linux-x86_64, r-release-macos-arm64, r-release-macos-x86_64, r-release-windows-ix86+x86_64

Version: 2.8.0
Check: whether package can be installed
Result: WARN
    Found the following significant warnings:
     WARNING: installation-time patches will not be applied, could not get the patches index
Flavor: r-devel-windows-x86_64-gcc10-UCRT

Version: 2.8.0
Check: PDF version of manual
Result: WARN
    LaTeX errors when creating PDF version.
    This typically indicates Rd problems.
Flavor: r-devel-windows-x86_64-gcc10-UCRT

Version: 2.8.0
Check: PDF version of manual without hyperrefs or index
Result: ERROR
    Re-running with no redirection of stdout/stderr.
Flavor: r-devel-windows-x86_64-gcc10-UCRT