CRAN Package Check Results for Package l0ara

Last updated on 2021-10-23 10:56:56 CEST.

Flavor Version Tinstall Tcheck Ttotal Status Flags
r-devel-linux-x86_64-debian-clang 0.1.6 33.36 28.04 61.40 NOTE
r-devel-linux-x86_64-debian-gcc 0.1.6 25.59 22.62 48.21 NOTE
r-devel-linux-x86_64-fedora-clang 0.1.6 100.06 NOTE
r-devel-linux-x86_64-fedora-gcc 0.1.6 82.62 NOTE
r-devel-windows-x86_64 0.1.6 44.00 43.00 87.00 NOTE
r-devel-windows-x86_64-gcc10-UCRT 0.1.6 NOTE
r-patched-linux-x86_64 0.1.6 34.57 27.38 61.95 NOTE
r-patched-solaris-x86 0.1.6 87.70 NOTE
r-release-linux-x86_64 0.1.6 33.30 26.95 60.25 NOTE
r-release-macos-arm64 0.1.6 NOTE
r-release-macos-x86_64 0.1.6 NOTE
r-release-windows-ix86+x86_64 0.1.6 61.00 69.00 130.00 NOTE
r-oldrel-macos-x86_64 0.1.6 OK
r-oldrel-windows-ix86+x86_64 0.1.6 90.00 77.00 167.00 OK

Check Details

Version: 0.1.6
Check: LazyData
Result: NOTE
     'LazyData' is specified without a 'data' directory
Flavors: r-devel-linux-x86_64-debian-clang, r-devel-linux-x86_64-debian-gcc, r-devel-linux-x86_64-fedora-clang, r-devel-linux-x86_64-fedora-gcc, r-devel-windows-x86_64, r-devel-windows-x86_64-gcc10-UCRT, r-patched-linux-x86_64, r-patched-solaris-x86, r-release-linux-x86_64, r-release-macos-arm64, r-release-macos-x86_64, r-release-windows-ix86+x86_64