CRAN Package Check Results for Package kzfs

Last updated on 2021-09-21 09:52:45 CEST.

Flavor Version Tinstall Tcheck Ttotal Status Flags
r-devel-linux-x86_64-debian-clang 1.5.0.2 8.49 61.39 69.88 OK
r-devel-linux-x86_64-debian-gcc 1.5.0.2 6.98 45.03 52.01 OK
r-devel-linux-x86_64-fedora-clang 1.5.0.2 91.55 NOTE
r-devel-linux-x86_64-fedora-gcc 1.5.0.2 79.57 OK
r-devel-windows-x86_64 1.5.0.2 10.00 63.00 73.00 OK
r-devel-windows-x86_64-gcc10-UCRT 1.5.0.2 ERROR
r-patched-linux-x86_64 1.5.0.2 9.02 59.26 68.28 OK
r-patched-solaris-x86 1.5.0.2 105.40 OK
r-release-linux-x86_64 1.5.0.2 6.67 59.48 66.15 OK
r-release-macos-arm64 1.5.0.2 OK
r-release-macos-x86_64 1.5.0.2 OK
r-release-windows-ix86+x86_64 1.5.0.2 16.00 73.00 89.00 OK
r-oldrel-macos-x86_64 1.5.0.2 OK
r-oldrel-windows-ix86+x86_64 1.5.0.2 15.00 75.00 90.00 OK

Check Details

Version: 1.5.0.2
Check: Rd cross-references
Result: NOTE
    Undeclared package ‘kza’ in Rd xrefs
Flavor: r-devel-linux-x86_64-fedora-clang

Version: 1.5.0.2
Check: whether package can be installed
Result: ERROR
    Installation failed.
Flavor: r-devel-windows-x86_64-gcc10-UCRT