Last updated on 2024-05-29 11:52:39 CEST.
Flavor | Version | Tinstall | Tcheck | Ttotal | Status | Flags |
---|---|---|---|---|---|---|
r-devel-linux-x86_64-debian-clang | 0.1.2 | 21.64 | 28.93 | 50.57 | NOTE | |
r-devel-linux-x86_64-debian-gcc | 0.1.2 | 13.10 | 22.06 | 35.16 | NOTE | |
r-devel-linux-x86_64-fedora-clang | 0.1.2 | 70.01 | NOTE | |||
r-devel-linux-x86_64-fedora-gcc | 0.1.2 | 68.92 | NOTE | |||
r-devel-windows-x86_64 | 0.1.2 | 16.00 | 68.00 | 84.00 | NOTE | |
r-patched-linux-x86_64 | 0.1.2 | 17.89 | 26.68 | 44.57 | NOTE | |
r-release-linux-x86_64 | 0.1.2 | 18.11 | 26.82 | 44.93 | NOTE | |
r-release-macos-arm64 | 0.1.2 | 21.00 | NOTE | |||
r-release-windows-x86_64 | 0.1.2 | 18.00 | 64.00 | 82.00 | NOTE | |
r-oldrel-macos-arm64 | 0.1.2 | 26.00 | NOTE | |||
r-oldrel-macos-x86_64 | 0.1.2 | 35.00 | NOTE | |||
r-oldrel-windows-x86_64 | 0.1.2 | 20.00 | 72.00 | 92.00 | NOTE |
Version: 0.1.2
Check: LazyData
Result: NOTE
'LazyData' is specified without a 'data' directory
Flavors: r-devel-linux-x86_64-debian-clang, r-devel-linux-x86_64-debian-gcc, r-devel-linux-x86_64-fedora-clang, r-devel-linux-x86_64-fedora-gcc, r-devel-windows-x86_64, r-patched-linux-x86_64, r-release-linux-x86_64, r-release-macos-arm64, r-release-windows-x86_64, r-oldrel-macos-arm64, r-oldrel-macos-x86_64, r-oldrel-windows-x86_64