CRAN Package Check Results for Package knitcitations

Last updated on 2021-09-19 09:50:22 CEST.

Flavor Version Tinstall Tcheck Ttotal Status Flags
r-devel-linux-x86_64-debian-clang 1.0.12 4.17 44.97 49.14 OK
r-devel-linux-x86_64-debian-gcc 1.0.12 3.36 34.64 38.00 OK
r-devel-linux-x86_64-fedora-clang 1.0.12 65.70 OK
r-devel-linux-x86_64-fedora-gcc 1.0.12 54.83 OK
r-devel-windows-x86_64 1.0.12 6.00 65.00 71.00 OK
r-devel-windows-x86_64-gcc10-UCRT 1.0.12 ERROR
r-patched-linux-x86_64 1.0.12 4.31 43.15 47.46 OK
r-patched-solaris-x86 1.0.12 83.40 OK
r-release-linux-x86_64 1.0.12 3.94 42.27 46.21 OK
r-release-macos-arm64 1.0.12 OK
r-release-macos-x86_64 1.0.12 OK
r-release-windows-ix86+x86_64 1.0.12 9.00 48.00 57.00 OK
r-oldrel-macos-x86_64 1.0.12 OK
r-oldrel-windows-ix86+x86_64 1.0.12 10.00 49.00 59.00 OK

Check Details

Version: 1.0.12
Check: whether package can be installed
Result: WARN
    Found the following significant warnings:
     WARNING: installation-time patches will not be applied, could not get the patches index
Flavor: r-devel-windows-x86_64-gcc10-UCRT

Version: 1.0.12
Check: PDF version of manual
Result: WARN
    LaTeX errors when creating PDF version.
    This typically indicates Rd problems.
Flavor: r-devel-windows-x86_64-gcc10-UCRT

Version: 1.0.12
Check: PDF version of manual without hyperrefs or index
Result: ERROR
    Re-running with no redirection of stdout/stderr.
Flavor: r-devel-windows-x86_64-gcc10-UCRT