CRAN Package Check Results for Package klaR

Last updated on 2021-09-22 09:52:31 CEST.

Flavor Version Tinstall Tcheck Ttotal Status Flags
r-devel-linux-x86_64-debian-clang 0.6-15 14.29 132.42 146.71 OK
r-devel-linux-x86_64-debian-gcc 0.6-15 11.78 94.39 106.17 OK
r-devel-linux-x86_64-fedora-clang 0.6-15 177.88 NOTE
r-devel-linux-x86_64-fedora-gcc 0.6-15 164.98 OK
r-devel-windows-x86_64 0.6-15 17.00 123.00 140.00 OK
r-devel-windows-x86_64-gcc10-UCRT 0.6-15 ERROR
r-patched-linux-x86_64 0.6-15 14.42 123.56 137.98 OK
r-patched-solaris-x86 0.6-15 214.70 OK
r-release-linux-x86_64 0.6-15 13.64 124.06 137.70 OK
r-release-macos-arm64 0.6-15 OK
r-release-macos-x86_64 0.6-15 OK
r-release-windows-ix86+x86_64 0.6-15 28.00 116.00 144.00 OK
r-oldrel-macos-x86_64 0.6-15 OK
r-oldrel-windows-ix86+x86_64 0.6-15 18.00 117.00 135.00 OK

Additional issues

MKL

Check Details

Version: 0.6-15
Check: Rd cross-references
Result: NOTE
    Undeclared packages ‘clustMixType’, ‘randomForest’, ‘ClustVarLV’ in Rd xrefs
Flavor: r-devel-linux-x86_64-fedora-clang

Version: 0.6-15
Check: PDF version of manual
Result: WARN
    LaTeX errors when creating PDF version.
    This typically indicates Rd problems.
Flavor: r-devel-windows-x86_64-gcc10-UCRT

Version: 0.6-15
Check: PDF version of manual without hyperrefs or index
Result: ERROR
    Re-running with no redirection of stdout/stderr.
Flavor: r-devel-windows-x86_64-gcc10-UCRT