CRAN Package Check Results for Package kindisperse

Last updated on 2021-10-19 09:54:16 CEST.

Flavor Version Tinstall Tcheck Ttotal Status Flags
r-devel-linux-x86_64-debian-clang 0.10.2 12.96 123.39 136.35 OK
r-devel-linux-x86_64-debian-gcc 0.10.2 10.86 90.55 101.41 OK
r-devel-linux-x86_64-fedora-clang 0.10.2 172.28 NOTE
r-devel-linux-x86_64-fedora-gcc 0.10.2 153.79 NOTE
r-devel-windows-x86_64 0.10.2 23.00 169.00 192.00 OK
r-devel-windows-x86_64-gcc10-UCRT 0.10.2 NOTE
r-patched-linux-x86_64 0.10.2 13.32 115.11 128.43 OK
r-patched-solaris-x86 0.10.2 188.20 NOTE
r-release-linux-x86_64 0.10.2 12.88 116.06 128.94 OK
r-release-macos-arm64 0.10.2 NOTE
r-release-macos-x86_64 0.10.2 NOTE
r-release-windows-ix86+x86_64 0.10.2 31.00 175.00 206.00 OK
r-oldrel-macos-x86_64 0.10.2 NOTE
r-oldrel-windows-ix86+x86_64 0.10.2 30.00 182.00 212.00 OK

Check Details

Version: 0.10.2
Check: dependencies in R code
Result: NOTE
    Namespaces in Imports field not imported from:
     ‘fitdistrplus’ ‘plotly’
     All declared Imports should be used.
Flavors: r-devel-linux-x86_64-fedora-clang, r-devel-linux-x86_64-fedora-gcc, r-devel-windows-x86_64-gcc10-UCRT, r-patched-solaris-x86, r-release-macos-arm64, r-release-macos-x86_64, r-oldrel-macos-x86_64