Last updated on 2024-04-18 10:49:52 CEST.
Flavor | Version | Tinstall | Tcheck | Ttotal | Status | Flags |
---|---|---|---|---|---|---|
r-devel-linux-x86_64-debian-clang | 0.2.0 | 122.91 | 139.51 | 262.42 | OK | |
r-devel-linux-x86_64-debian-gcc | 0.2.0 | 106.66 | 113.55 | 220.21 | OK | |
r-devel-linux-x86_64-fedora-clang | 0.2.0 | 352.47 | NOTE | |||
r-devel-linux-x86_64-fedora-gcc | 0.2.0 | 398.90 | NOTE | |||
r-prerel-macos-arm64 | 0.2.0 | 96.00 | NOTE | |||
r-prerel-windows-x86_64 | 0.2.0 | 97.00 | 161.00 | 258.00 | OK | |
r-patched-linux-x86_64 | 0.2.0 | 125.82 | 143.33 | 269.15 | OK | |
r-release-linux-x86_64 | 0.2.0 | 137.77 | 144.60 | 282.37 | OK | |
r-release-macos-arm64 | 0.2.0 | 127.00 | NOTE | |||
r-release-macos-x86_64 | 0.2.0 | 257.00 | NOTE | |||
r-release-windows-x86_64 | 0.2.0 | 124.00 | 197.00 | 321.00 | OK | |
r-oldrel-macos-arm64 | 0.2.0 | 92.00 | NOTE | |||
r-oldrel-windows-x86_64 | 0.2.0 | 111.00 | 193.00 | 304.00 | OK |
Version: 0.2.0
Check: dependencies in R code
Result: NOTE
Namespace in Imports field not imported from: ‘RcppProgress’
All declared Imports should be used.
Flavors: r-devel-linux-x86_64-fedora-clang, r-devel-linux-x86_64-fedora-gcc
Version: 0.2.0
Check: installed package size
Result: NOTE
installed size is 17.2Mb
sub-directories of 1Mb or more:
libs 16.8Mb
Flavors: r-prerel-macos-arm64, r-release-macos-arm64, r-release-macos-x86_64, r-oldrel-macos-arm64