CRAN Package Check Results for Package keyholder

Last updated on 2021-10-21 09:54:55 CEST.

Flavor Version Tinstall Tcheck Ttotal Status Flags
r-devel-linux-x86_64-debian-clang 0.1.5 4.53 60.39 64.92 NOTE
r-devel-linux-x86_64-debian-gcc 0.1.5 3.42 45.84 49.26 NOTE
r-devel-linux-x86_64-fedora-clang 0.1.5 87.78 NOTE
r-devel-linux-x86_64-fedora-gcc 0.1.5 76.34 NOTE
r-devel-windows-x86_64 0.1.5 8.00 86.00 94.00 NOTE
r-devel-windows-x86_64-gcc10-UCRT 0.1.5 NOTE
r-patched-linux-x86_64 0.1.5 8.56 56.77 65.33 NOTE
r-patched-solaris-x86 0.1.5 107.50 NOTE
r-release-linux-x86_64 0.1.5 3.72 56.21 59.93 NOTE
r-release-macos-arm64 0.1.5 NOTE
r-release-macos-x86_64 0.1.5 NOTE
r-release-windows-ix86+x86_64 0.1.5 11.00 82.00 93.00 NOTE
r-oldrel-macos-x86_64 0.1.5 OK
r-oldrel-windows-ix86+x86_64 0.1.5 11.00 94.00 105.00 OK

Check Details

Version: 0.1.5
Check: LazyData
Result: NOTE
     'LazyData' is specified without a 'data' directory
Flavors: r-devel-linux-x86_64-debian-clang, r-devel-linux-x86_64-debian-gcc, r-devel-linux-x86_64-fedora-clang, r-devel-linux-x86_64-fedora-gcc, r-devel-windows-x86_64, r-devel-windows-x86_64-gcc10-UCRT, r-patched-linux-x86_64, r-patched-solaris-x86, r-release-linux-x86_64, r-release-macos-arm64, r-release-macos-x86_64, r-release-windows-ix86+x86_64