CRAN Package Check Results for Package kernscr

Last updated on 2021-10-26 10:04:30 CEST.

Flavor Version Tinstall Tcheck Ttotal Status Flags
r-devel-linux-x86_64-debian-clang 1.0.5 3.32 26.01 29.33 OK
r-devel-linux-x86_64-debian-gcc 1.0.5 2.44 21.13 23.57 OK
r-devel-linux-x86_64-fedora-clang 1.0.5 47.45 OK
r-devel-linux-x86_64-fedora-gcc 1.0.5 36.36 OK
r-devel-windows-x86_64 1.0.5 6.00 35.00 41.00 OK
r-devel-windows-x86_64-gcc10-UCRT 1.0.5 OK
r-patched-linux-x86_64 1.0.5 2.70 25.78 28.48 OK
r-patched-solaris-x86 1.0.5 55.10 OK
r-release-linux-x86_64 1.0.5 2.73 26.15 28.88 OK
r-release-macos-arm64 1.0.5 NOTE
r-release-macos-x86_64 1.0.5 NOTE
r-release-windows-ix86+x86_64 1.0.5 4.00 44.00 48.00 OK
r-oldrel-macos-x86_64 1.0.5 OK
r-oldrel-windows-ix86+x86_64 1.0.5 7.00 44.00 51.00 OK

Check Details

Version: 1.0.5
Check: package dependencies
Result: NOTE
    Package suggested but not available for checking: ‘org.Hs.eg.db’
Flavors: r-release-macos-arm64, r-release-macos-x86_64