CRAN Package Check Results for Package kableExtra

Last updated on 2021-09-25 09:53:54 CEST.

Flavor Version Tinstall Tcheck Ttotal Status Flags
r-devel-linux-x86_64-debian-clang 1.3.4 10.57 87.57 98.14 NOTE
r-devel-linux-x86_64-debian-gcc 1.3.4 6.52 67.78 74.30 NOTE
r-devel-linux-x86_64-fedora-clang 1.3.4 121.54 NOTE
r-devel-linux-x86_64-fedora-gcc 1.3.4 109.56 NOTE
r-devel-windows-x86_64 1.3.4 9.00 94.00 103.00 NOTE
r-devel-windows-x86_64-gcc10-UCRT 1.3.4 WARN
r-patched-linux-x86_64 1.3.4 8.32 88.73 97.05 NOTE
r-patched-solaris-x86 1.3.4 119.30 NOTE
r-release-linux-x86_64 1.3.4 8.13 88.10 96.23 NOTE
r-release-macos-arm64 1.3.4 NOTE
r-release-macos-x86_64 1.3.4 WARN
r-release-windows-ix86+x86_64 1.3.4 17.00 91.00 108.00 NOTE
r-oldrel-macos-x86_64 1.3.4 WARN
r-oldrel-windows-ix86+x86_64 1.3.4 12.00 91.00 103.00 OK

Check Details

Version: 1.3.4
Check: LazyData
Result: NOTE
     'LazyData' is specified without a 'data' directory
Flavors: r-devel-linux-x86_64-debian-clang, r-devel-linux-x86_64-debian-gcc, r-devel-linux-x86_64-fedora-clang, r-devel-linux-x86_64-fedora-gcc, r-devel-windows-x86_64, r-devel-windows-x86_64-gcc10-UCRT, r-patched-linux-x86_64, r-patched-solaris-x86, r-release-linux-x86_64, r-release-macos-arm64, r-release-macos-x86_64, r-release-windows-ix86+x86_64

Version: 1.3.4
Check: re-building of vignette outputs
Result: WARN
    Error(s) in re-building vignettes:
    --- re-building 'awesome_table_in_html.Rmd' using rmarkdown
    --- finished re-building 'awesome_table_in_html.Rmd'
    
    --- re-building 'awesome_table_in_pdf.Rmd' using rmarkdown
    ! LaTeX Error: File `tabu.sty' not found.
    
    ! Emergency stop.
    <read *>
    
    Error: processing vignette 'awesome_table_in_pdf.Rmd' failed with diagnostics:
    LaTeX failed to compile C:/msys64/home/tomas/ucrt3/svn/ucrt3/r_packages/pkgcheck/CRAN/kableExtra/kableExtra.Rcheck/vign_test/kableExtra/vignettes/awesome_table_in_pdf.tex. See https://yihui.org/tinytex/r/#debugging for debugging tips. See awesome_table_in_pdf.log for more info.
    --- failed re-building 'awesome_table_in_pdf.Rmd'
    
    --- re-building 'best_practice_for_newline_in_latex_table.Rmd' using rmarkdown
    ! LaTeX Error: File `tabu.sty' not found.
    
    ! Emergency stop.
    <read *>
    
    Error: processing vignette 'best_practice_for_newline_in_latex_table.Rmd' failed with diagnostics:
    LaTeX failed to compile C:/msys64/home/tomas/ucrt3/svn/ucrt3/r_packages/pkgcheck/CRAN/kableExtra/kableExtra.Rcheck/vign_test/kableExtra/vignettes/best_practice_for_newline_in_latex_table.tex. See https://yihui.org/tinytex/r/#debugging for debugging tips. See best_practice_for_newline_in_latex_table.log for more info.
    --- failed re-building 'best_practice_for_newline_in_latex_table.Rmd'
    
    --- re-building 'legacy_features.Rmd' using rmarkdown
    --- finished re-building 'legacy_features.Rmd'
    
    --- re-building 'use_kable_in_shiny.Rmd' using rmarkdown
    --- finished re-building 'use_kable_in_shiny.Rmd'
    
    SUMMARY: processing the following files failed:
     'awesome_table_in_pdf.Rmd'
     'best_practice_for_newline_in_latex_table.Rmd'
    
    Error: Vignette re-building failed.
    Execution halted
Flavor: r-devel-windows-x86_64-gcc10-UCRT

Version: 1.3.4
Check: re-building of vignette outputs
Result: WARN
    Error(s) in re-building vignettes:
    --- re-building ‘awesome_table_in_html.Rmd’ using rmarkdown
    Warning in engine$weave(file, quiet = quiet, encoding = enc) :
     Pandoc (>= 1.12.3) not available. Falling back to R Markdown v1.
    Quitting from lines 635-638 (awesome_table_in_html.Rmd)
    Error: processing vignette 'awesome_table_in_html.Rmd' failed with diagnostics:
    invalid 'path' argument
    --- failed re-building ‘awesome_table_in_html.Rmd’
    
    --- re-building ‘awesome_table_in_pdf.Rmd’ using rmarkdown
    Warning in engine$weave(file, quiet = quiet, encoding = enc) :
     Pandoc (>= 1.12.3) not available. Falling back to R Markdown v1.
    --- finished re-building ‘awesome_table_in_pdf.Rmd’
    
    --- re-building ‘best_practice_for_newline_in_latex_table.Rmd’ using rmarkdown
    Warning in engine$weave(file, quiet = quiet, encoding = enc) :
     Pandoc (>= 1.12.3) not available. Falling back to R Markdown v1.
    --- finished re-building ‘best_practice_for_newline_in_latex_table.Rmd’
    
    --- re-building ‘legacy_features.Rmd’ using rmarkdown
    Warning in engine$weave(file, quiet = quiet, encoding = enc) :
     Pandoc (>= 1.12.3) not available. Falling back to R Markdown v1.
    --- finished re-building ‘legacy_features.Rmd’
    
    --- re-building ‘use_kable_in_shiny.Rmd’ using rmarkdown
    Warning in engine$weave(file, quiet = quiet, encoding = enc) :
     Pandoc (>= 1.12.3) not available. Falling back to R Markdown v1.
    --- finished re-building ‘use_kable_in_shiny.Rmd’
    
    SUMMARY: processing the following file failed:
     ‘awesome_table_in_html.Rmd’
    
    Error: Vignette re-building failed.
    Execution halted
Flavor: r-release-macos-x86_64

Version: 1.3.4
Check: re-building of vignette outputs
Result: WARN
    Error(s) in re-building vignettes:
    --- re-building ‘awesome_table_in_html.Rmd’ using rmarkdown
    Warning in engine$weave(file, quiet = quiet, encoding = enc) :
     Pandoc (>= 1.12.3) and/or pandoc-citeproc not available. Falling back to R Markdown v1.
    Quitting from lines 635-638 (awesome_table_in_html.Rmd)
    Error: processing vignette 'awesome_table_in_html.Rmd' failed with diagnostics:
    invalid 'path' argument
    --- failed re-building ‘awesome_table_in_html.Rmd’
    
    --- re-building ‘awesome_table_in_pdf.Rmd’ using rmarkdown
    Warning in engine$weave(file, quiet = quiet, encoding = enc) :
     Pandoc (>= 1.12.3) and/or pandoc-citeproc not available. Falling back to R Markdown v1.
    --- finished re-building ‘awesome_table_in_pdf.Rmd’
    
    --- re-building ‘best_practice_for_newline_in_latex_table.Rmd’ using rmarkdown
    Warning in engine$weave(file, quiet = quiet, encoding = enc) :
     Pandoc (>= 1.12.3) and/or pandoc-citeproc not available. Falling back to R Markdown v1.
    --- finished re-building ‘best_practice_for_newline_in_latex_table.Rmd’
    
    --- re-building ‘legacy_features.Rmd’ using rmarkdown
    Warning in engine$weave(file, quiet = quiet, encoding = enc) :
     Pandoc (>= 1.12.3) and/or pandoc-citeproc not available. Falling back to R Markdown v1.
    --- finished re-building ‘legacy_features.Rmd’
    
    --- re-building ‘use_kable_in_shiny.Rmd’ using rmarkdown
    Warning in engine$weave(file, quiet = quiet, encoding = enc) :
     Pandoc (>= 1.12.3) and/or pandoc-citeproc not available. Falling back to R Markdown v1.
    --- finished re-building ‘use_kable_in_shiny.Rmd’
    
    SUMMARY: processing the following file failed:
     ‘awesome_table_in_html.Rmd’
    
    Error: Vignette re-building failed.
    Execution halted
Flavor: r-oldrel-macos-x86_64