CRAN Package Check Results for Package juicr

Last updated on 2021-10-26 10:04:30 CEST.

Flavor Version Tinstall Tcheck Ttotal Status Flags
r-devel-linux-x86_64-debian-clang 0.1 9.81 69.54 79.35 OK
r-devel-linux-x86_64-debian-gcc 0.1 7.24 53.89 61.13 OK
r-devel-linux-x86_64-fedora-clang 0.1 110.14 OK
r-devel-linux-x86_64-fedora-gcc 0.1 97.93 OK
r-devel-windows-x86_64 0.1 14.00 63.00 77.00 OK
r-devel-windows-x86_64-gcc10-UCRT 0.1 OK
r-patched-linux-x86_64 0.1 9.95 67.98 77.93 OK
r-patched-solaris-x86 0.1 136.90 OK
r-release-linux-x86_64 0.1 9.53 68.52 78.05 OK
r-release-macos-arm64 0.1 NOTE
r-release-macos-x86_64 0.1 OK
r-release-windows-ix86+x86_64 0.1 14.00 81.00 95.00 OK
r-oldrel-macos-x86_64 0.1 OK
r-oldrel-windows-ix86+x86_64 0.1 19.00 86.00 105.00 OK

Check Details

Version: 0.1
Check: package dependencies
Result: NOTE
    Package suggested but not available for checking: ‘EBImage’
Flavor: r-release-macos-arm64