CRAN Package Check Results for Package jsTreeR

Last updated on 2021-10-23 10:56:56 CEST.

Flavor Version Tinstall Tcheck Ttotal Status Flags
r-devel-linux-x86_64-debian-clang 1.4.0 4.75 44.62 49.37 OK
r-devel-linux-x86_64-debian-gcc 1.4.0 4.44 34.80 39.24 OK
r-devel-linux-x86_64-fedora-clang 1.4.0 71.11 NOTE
r-devel-linux-x86_64-fedora-gcc 1.4.0 58.38 NOTE
r-devel-windows-x86_64 1.4.0 11.00 71.00 82.00 OK
r-devel-windows-x86_64-gcc10-UCRT 1.4.0 NOTE
r-patched-linux-x86_64 1.4.0 3.87 43.07 46.94 OK
r-patched-solaris-x86 1.4.0 91.80 NOTE
r-release-linux-x86_64 1.4.0 4.03 42.60 46.63 OK
r-release-macos-arm64 1.4.0 NOTE
r-release-macos-x86_64 1.4.0 NOTE
r-release-windows-ix86+x86_64 1.4.0 11.00 72.00 83.00 OK
r-oldrel-macos-x86_64 1.4.0 NOTE
r-oldrel-windows-ix86+x86_64 1.4.0 15.00 83.00 98.00 OK

Check Details

Version: 1.4.0
Check: data for non-ASCII characters
Result: NOTE
     Note: found 17 marked UTF-8 strings
Flavors: r-devel-linux-x86_64-fedora-clang, r-devel-linux-x86_64-fedora-gcc, r-devel-windows-x86_64-gcc10-UCRT, r-patched-solaris-x86, r-release-macos-arm64, r-release-macos-x86_64, r-oldrel-macos-x86_64