Last updated on 2024-04-23 10:54:06 CEST.
Flavor | Version | Tinstall | Tcheck | Ttotal | Status | Flags |
---|---|---|---|---|---|---|
r-devel-linux-x86_64-debian-clang | 0.0.2 | 11.02 | 86.13 | 97.15 | NOTE | |
r-devel-linux-x86_64-debian-gcc | 0.0.2 | 7.35 | 64.11 | 71.46 | NOTE | |
r-devel-linux-x86_64-fedora-clang | 0.0.2 | 119.28 | NOTE | |||
r-devel-linux-x86_64-fedora-gcc | 0.0.2 | 114.36 | NOTE | |||
r-prerel-macos-arm64 | 0.0.2 | 36.00 | NOTE | |||
r-prerel-windows-x86_64 | 0.0.2 | 9.00 | 76.00 | 85.00 | NOTE | |
r-patched-linux-x86_64 | 0.0.2 | 6.21 | 82.47 | 88.68 | NOTE | |
r-release-linux-x86_64 | 0.0.2 | 8.05 | 85.53 | 93.58 | OK | |
r-release-macos-arm64 | 0.0.2 | 42.00 | OK | |||
r-release-macos-x86_64 | 0.0.2 | 61.00 | OK | |||
r-release-windows-x86_64 | 0.0.2 | 11.00 | 92.00 | 103.00 | OK | |
r-oldrel-macos-arm64 | 0.0.2 | 38.00 | OK | |||
r-oldrel-windows-x86_64 | 0.0.2 | 12.00 | 93.00 | 105.00 | OK |
Version: 0.0.2
Check: Rd files
Result: NOTE
checkRd: (-1) data_timeinv.Rd:14: Lost braces; missing escapes or markup?
14 | \item{X5}{categorical covariate taking values from {1, 2, 3, 4, 5}; time-invariant}
| ^
checkRd: (-1) data_timeinv.Rd:18: Lost braces; missing escapes or markup?
18 | \item{g}{true latent class identifier {1, 2, 3, 4}, which is determined by
| ^
checkRd: (-1) data_timevar.Rd:15: Lost braces; missing escapes or markup?
15 | \item{X5}{categorical covariate taking values from {1, 2, 3, 4, 5}; time-varying}
| ^
checkRd: (-1) data_timevar.Rd:20: Lost braces; missing escapes or markup?
20 | \item{g}{true latent class identifier {1, 2, 3, 4}, which is determined by
| ^
Flavors: r-devel-linux-x86_64-debian-clang, r-devel-linux-x86_64-debian-gcc, r-devel-linux-x86_64-fedora-clang, r-devel-linux-x86_64-fedora-gcc, r-prerel-macos-arm64, r-prerel-windows-x86_64, r-patched-linux-x86_64