CRAN Package Check Results for Package ivfixed

Last updated on 2021-10-15 09:51:48 CEST.

Flavor Version Tinstall Tcheck Ttotal Status Flags
r-devel-linux-x86_64-debian-clang 1.0 1.61 19.69 21.30 NOTE
r-devel-linux-x86_64-debian-gcc 1.0 1.52 15.99 17.51 NOTE
r-devel-linux-x86_64-fedora-clang 1.0 37.19 NOTE
r-devel-linux-x86_64-fedora-gcc 1.0 26.82 NOTE
r-devel-windows-x86_64 1.0 3.00 30.00 33.00 NOTE
r-devel-windows-x86_64-gcc10-UCRT 1.0 NOTE
r-patched-linux-x86_64 1.0 1.98 19.68 21.66 NOTE
r-patched-solaris-x86 1.0 41.40 NOTE
r-release-linux-x86_64 1.0 1.77 19.50 21.27 NOTE
r-release-macos-arm64 1.0 NOTE
r-release-macos-x86_64 1.0 NOTE
r-release-windows-ix86+x86_64 1.0 4.00 30.00 34.00 NOTE
r-oldrel-macos-x86_64 1.0 NOTE
r-oldrel-windows-ix86+x86_64 1.0 3.00 26.00 29.00 NOTE

Check Details

Version: 1.0
Check: DESCRIPTION meta-information
Result: NOTE
    Malformed Description field: should contain one or more complete sentences.
Flavors: r-devel-linux-x86_64-debian-clang, r-devel-linux-x86_64-debian-gcc, r-devel-linux-x86_64-fedora-clang, r-devel-linux-x86_64-fedora-gcc, r-devel-windows-x86_64, r-devel-windows-x86_64-gcc10-UCRT, r-patched-linux-x86_64, r-patched-solaris-x86, r-release-linux-x86_64, r-release-macos-arm64, r-release-macos-x86_64, r-release-windows-ix86+x86_64, r-oldrel-macos-x86_64, r-oldrel-windows-ix86+x86_64

Version: 1.0
Check: R code for possible problems
Result: NOTE
    ivFixed.formula: no visible global function definition for
     'model.matrix'
    ivFixed.formula: no visible global function definition for
     'model.response'
    summary.ivFixed: no visible global function definition for 'coef'
    summary.ivFixed: no visible global function definition for 'pt'
    Undefined global functions or variables:
     coef model.matrix model.response pt
    Consider adding
     importFrom("stats", "coef", "model.matrix", "model.response", "pt")
    to your NAMESPACE file.
Flavors: r-devel-linux-x86_64-debian-clang, r-devel-linux-x86_64-debian-gcc, r-devel-linux-x86_64-fedora-clang, r-devel-linux-x86_64-fedora-gcc, r-devel-windows-x86_64, r-devel-windows-x86_64-gcc10-UCRT, r-patched-linux-x86_64, r-patched-solaris-x86, r-release-linux-x86_64, r-release-macos-arm64, r-release-macos-x86_64, r-release-windows-ix86+x86_64, r-oldrel-macos-x86_64, r-oldrel-windows-ix86+x86_64