CRAN Package Check Results for Package irlba

Last updated on 2021-09-22 09:52:30 CEST.

Flavor Version Tinstall Tcheck Ttotal Status Flags
r-devel-linux-x86_64-debian-clang 2.3.3 8.36 87.12 95.48 OK
r-devel-linux-x86_64-debian-gcc 2.3.3 7.47 67.68 75.15 OK
r-devel-linux-x86_64-fedora-clang 2.3.3 123.10 OK
r-devel-linux-x86_64-fedora-gcc 2.3.3 112.60 OK
r-devel-windows-x86_64 2.3.3 11.00 84.00 95.00 OK
r-devel-windows-x86_64-gcc10-UCRT 2.3.3 ERROR
r-patched-linux-x86_64 2.3.3 9.61 84.46 94.07 OK
r-patched-solaris-x86 2.3.3 177.70 OK
r-release-linux-x86_64 2.3.3 8.19 85.15 93.34 OK
r-release-macos-arm64 2.3.3 OK
r-release-macos-x86_64 2.3.3 OK
r-release-windows-ix86+x86_64 2.3.3 23.00 116.00 139.00 OK
r-oldrel-macos-x86_64 2.3.3 OK
r-oldrel-windows-ix86+x86_64 2.3.3 20.00 124.00 144.00 OK

Check Details

Version: 2.3.3
Check: whether package can be installed
Result: ERROR
    Installation failed.
Flavor: r-devel-windows-x86_64-gcc10-UCRT