CRAN Package Check Results for Package irace

Last updated on 2021-10-27 10:09:48 CEST.

Flavor Version Tinstall Tcheck Ttotal Status Flags
r-devel-linux-x86_64-debian-clang 3.4.1 10.48 90.88 101.36 NOTE
r-devel-linux-x86_64-debian-gcc 3.4.1 8.81 66.98 75.79 NOTE
r-devel-linux-x86_64-fedora-clang 3.4.1 146.92 NOTE
r-devel-linux-x86_64-fedora-gcc 3.4.1 131.59 NOTE
r-devel-windows-x86_64 3.4.1 17.00 115.00 132.00 NOTE
r-devel-windows-x86_64-gcc10-UCRT 3.4.1 NOTE
r-patched-linux-x86_64 3.4.1 10.40 85.39 95.79 NOTE
r-patched-solaris-x86 3.4.1 165.60 NOTE
r-release-linux-x86_64 3.4.1 9.47 88.10 97.57 NOTE
r-release-macos-arm64 3.4.1 NOTE
r-release-macos-x86_64 3.4.1 NOTE
r-release-windows-ix86+x86_64 3.4.1 15.00 116.00 131.00 NOTE
r-oldrel-macos-x86_64 3.4.1 NOTE
r-oldrel-windows-ix86+x86_64 3.4.1 20.00 142.00 162.00 OK

Check Details

Version: 3.4.1
Check: LazyData
Result: NOTE
     'LazyData' is specified without a 'data' directory
Flavors: r-devel-linux-x86_64-debian-clang, r-devel-linux-x86_64-debian-gcc, r-devel-linux-x86_64-fedora-clang, r-devel-linux-x86_64-fedora-gcc, r-devel-windows-x86_64, r-devel-windows-x86_64-gcc10-UCRT, r-patched-linux-x86_64, r-patched-solaris-x86, r-release-linux-x86_64, r-release-macos-arm64, r-release-macos-x86_64, r-release-windows-ix86+x86_64

Version: 3.4.1
Check: package dependencies
Result: NOTE
    Package suggested but not available for checking: ‘Rmpi’
Flavors: r-release-macos-arm64, r-release-macos-x86_64, r-oldrel-macos-x86_64