CRAN Package Check Results for Package ipaddress

Last updated on 2021-09-19 09:50:20 CEST.

Flavor Version Tinstall Tcheck Ttotal Status Flags
r-devel-linux-x86_64-debian-clang 0.5.3 149.74 51.69 201.43 OK
r-devel-linux-x86_64-debian-gcc 0.5.3 102.50 38.84 141.34 OK
r-devel-linux-x86_64-fedora-clang 0.5.3 301.83 NOTE
r-devel-linux-x86_64-fedora-gcc 0.5.3 271.27 OK
r-devel-windows-x86_64 0.5.3 137.00 86.00 223.00 OK
r-devel-windows-x86_64-gcc10-UCRT 0.5.3 ERROR
r-patched-linux-x86_64 0.5.3 124.34 49.60 173.94 OK
r-patched-solaris-x86 0.5.3 248.10 OK
r-release-linux-x86_64 0.5.3 121.88 48.98 170.86 OK
r-release-macos-arm64 0.5.3 NOTE
r-release-macos-x86_64 0.5.3 NOTE
r-release-windows-ix86+x86_64 0.5.3 356.00 86.00 442.00 OK
r-oldrel-macos-x86_64 0.5.3 NOTE
r-oldrel-windows-ix86+x86_64 0.5.3 347.00 86.00 433.00 OK

Check Details

Version: 0.5.3
Check: installed package size
Result: NOTE
     installed size is 7.5Mb
     sub-directories of 1Mb or more:
     libs 7.0Mb
Flavors: r-devel-linux-x86_64-fedora-clang, r-release-macos-arm64, r-release-macos-x86_64, r-oldrel-macos-x86_64

Version: 0.5.3
Check: whether package can be installed
Result: ERROR
    Installation failed.
Flavor: r-devel-windows-x86_64-gcc10-UCRT