CRAN Package Check Results for Package ionr

Last updated on 2021-10-24 10:04:09 CEST.

Flavor Version Tinstall Tcheck Ttotal Status Flags
r-devel-linux-x86_64-debian-clang 0.3.0 2.94 35.14 38.08 NOTE
r-devel-linux-x86_64-debian-gcc 0.3.0 2.21 27.08 29.29 NOTE
r-devel-linux-x86_64-fedora-clang 0.3.0 56.37 NOTE
r-devel-linux-x86_64-fedora-gcc 0.3.0 46.29 NOTE
r-devel-windows-x86_64 0.3.0 5.00 43.00 48.00 NOTE
r-devel-windows-x86_64-gcc10-UCRT 0.3.0 NOTE
r-patched-linux-x86_64 0.3.0 2.53 34.16 36.69 NOTE
r-patched-solaris-x86 0.3.0 72.90 NOTE
r-release-linux-x86_64 0.3.0 2.69 34.32 37.01 NOTE
r-release-macos-arm64 0.3.0 NOTE
r-release-macos-x86_64 0.3.0 NOTE
r-release-windows-ix86+x86_64 0.3.0 5.00 52.00 57.00 NOTE
r-oldrel-macos-x86_64 0.3.0 OK
r-oldrel-windows-ix86+x86_64 0.3.0 7.00 57.00 64.00 OK

Check Details

Version: 0.3.0
Check: LazyData
Result: NOTE
     'LazyData' is specified without a 'data' directory
Flavors: r-devel-linux-x86_64-debian-clang, r-devel-linux-x86_64-debian-gcc, r-devel-linux-x86_64-fedora-clang, r-devel-linux-x86_64-fedora-gcc, r-devel-windows-x86_64, r-devel-windows-x86_64-gcc10-UCRT, r-patched-linux-x86_64, r-patched-solaris-x86, r-release-linux-x86_64, r-release-macos-arm64, r-release-macos-x86_64, r-release-windows-ix86+x86_64