CRAN Package Check Results for Package invgamma

Last updated on 2021-09-22 09:52:30 CEST.

Flavor Version Tinstall Tcheck Ttotal Status Flags
r-devel-linux-x86_64-debian-clang 1.1 1.89 24.24 26.13 OK
r-devel-linux-x86_64-debian-gcc 1.1 1.48 19.30 20.78 OK
r-devel-linux-x86_64-fedora-clang 1.1 41.93 OK
r-devel-linux-x86_64-fedora-gcc 1.1 30.45 OK
r-devel-windows-x86_64 1.1 3.00 28.00 31.00 OK
r-devel-windows-x86_64-gcc10-UCRT 1.1 ERROR
r-patched-linux-x86_64 1.1 1.93 23.64 25.57 OK
r-patched-solaris-x86 1.1 52.00 OK
r-release-linux-x86_64 1.1 1.69 23.45 25.14 OK
r-release-macos-arm64 1.1 OK
r-release-macos-x86_64 1.1 OK
r-release-windows-ix86+x86_64 1.1 5.00 28.00 33.00 OK
r-oldrel-macos-x86_64 1.1 OK
r-oldrel-windows-ix86+x86_64 1.1 3.00 27.00 30.00 OK

Check Details

Version: 1.1
Check: PDF version of manual
Result: WARN
    LaTeX errors when creating PDF version.
    This typically indicates Rd problems.
Flavor: r-devel-windows-x86_64-gcc10-UCRT

Version: 1.1
Check: PDF version of manual without hyperrefs or index
Result: ERROR
    Re-running with no redirection of stdout/stderr.
Flavor: r-devel-windows-x86_64-gcc10-UCRT