CRAN Package Check Results for Package installr

Last updated on 2021-09-25 09:53:54 CEST.

Flavor Version Tinstall Tcheck Ttotal Status Flags
r-devel-linux-x86_64-debian-clang 0.23.2 5.35 48.83 54.18 OK
r-devel-linux-x86_64-debian-gcc 0.23.2 3.63 37.52 41.15 OK
r-devel-linux-x86_64-fedora-clang 0.23.2 73.87 OK
r-devel-linux-x86_64-fedora-gcc 0.23.2 71.96 NOTE
r-devel-windows-x86_64 0.23.2 6.00 58.00 64.00 OK
r-devel-windows-x86_64-gcc10-UCRT 0.23.2 OK
r-patched-linux-x86_64 0.23.2 5.11 47.31 52.42 OK
r-patched-solaris-x86 0.23.2 94.20 OK
r-release-linux-x86_64 0.23.2 4.77 47.16 51.93 OK
r-release-macos-arm64 0.23.2 OK
r-release-macos-x86_64 0.23.2 OK
r-release-windows-ix86+x86_64 0.23.2 10.00 62.00 72.00 OK
r-oldrel-macos-x86_64 0.23.2 OK
r-oldrel-windows-ix86+x86_64 0.23.2 7.00 55.00 62.00 OK

Check Details

Version: 0.23.2
Check: for non-standard things in the check directory
Result: NOTE
    Found the following files/directories:
     ‘pkgbuild’
Flavor: r-devel-linux-x86_64-fedora-gcc