Last updated on 2024-04-17 08:57:34 CEST.
Flavor | Version | Tinstall | Tcheck | Ttotal | Status | Flags |
---|---|---|---|---|---|---|
r-devel-linux-x86_64-debian-clang | 0.23.4 | 4.54 | 62.80 | 67.34 | NOTE | |
r-devel-linux-x86_64-debian-gcc | 0.23.4 | 4.80 | 47.26 | 52.06 | NOTE | |
r-devel-linux-x86_64-fedora-clang | 0.23.4 | 85.45 | NOTE | |||
r-devel-linux-x86_64-fedora-gcc | 0.23.4 | 93.80 | NOTE | |||
r-prerel-macos-arm64 | 0.23.4 | 35.00 | NOTE | |||
r-prerel-windows-x86_64 | 0.23.4 | 7.00 | 78.00 | 85.00 | NOTE | |
r-patched-linux-x86_64 | 0.23.4 | 7.64 | 60.52 | 68.16 | NOTE | |
r-release-linux-x86_64 | 0.23.4 | 6.73 | 60.80 | 67.53 | OK | |
r-release-macos-arm64 | 0.23.4 | 34.00 | OK | |||
r-release-macos-x86_64 | 0.23.4 | 48.00 | OK | |||
r-release-windows-x86_64 | 0.23.4 | 9.00 | 90.00 | 99.00 | OK | |
r-oldrel-macos-arm64 | 0.23.4 | 30.00 | OK | |||
r-oldrel-windows-x86_64 | 0.23.4 | 9.00 | 80.00 | 89.00 | OK |
Version: 0.23.4
Check: Rd files
Result: NOTE
checkRd: (-1) ask.user.yn.question.Rd:44: Lost braces; missing escapes or markup?
44 | menu in the {utils} package, yesno in the {devtools} package.
| ^
checkRd: (-1) ask.user.yn.question.Rd:44: Lost braces; missing escapes or markup?
44 | menu in the {utils} package, yesno in the {devtools} package.
| ^
checkRd: (-1) install.FFmpeg.Rd:25: Lost braces; missing escapes or markup?
25 | This function is useful for saveVideo() in the {animation} package.
| ^
checkRd: (-1) install.SWFTools.Rd:27: Lost braces; missing escapes or markup?
27 | This function is useful for saveSWF() in the {animation} package.
| ^
checkRd: (-1) os.shutdown.Rd:25: Lost braces; missing escapes or markup?
25 | This function is a modified version of Yihui's shutdown function from the {fun} package.
| ^
Flavors: r-devel-linux-x86_64-debian-clang, r-devel-linux-x86_64-debian-gcc, r-devel-linux-x86_64-fedora-clang, r-devel-linux-x86_64-fedora-gcc, r-prerel-macos-arm64, r-prerel-windows-x86_64, r-patched-linux-x86_64
Version: 0.23.4
Check: for non-standard things in the check directory
Result: NOTE
Found the following files/directories:
‘pkgbuild’
Flavor: r-devel-linux-x86_64-fedora-gcc