Last updated on 2024-04-23 10:54:06 CEST.
Flavor | Version | Tinstall | Tcheck | Ttotal | Status | Flags |
---|---|---|---|---|---|---|
r-devel-linux-x86_64-debian-clang | 1.0.7 | 1.69 | 23.14 | 24.83 | NOTE | |
r-devel-linux-x86_64-debian-gcc | 1.0.7 | 1.38 | 17.96 | 19.34 | NOTE | |
r-devel-linux-x86_64-fedora-clang | 1.0.7 | 31.85 | NOTE | |||
r-devel-linux-x86_64-fedora-gcc | 1.0.7 | 30.68 | NOTE | |||
r-prerel-macos-arm64 | 1.0.7 | 14.00 | NOTE | |||
r-prerel-windows-x86_64 | 1.0.7 | 3.00 | 40.00 | 43.00 | NOTE | |
r-patched-linux-x86_64 | 1.0.7 | 2.61 | 21.89 | 24.50 | NOTE | |
r-release-linux-x86_64 | 1.0.7 | 2.43 | 22.20 | 24.63 | NOTE | |
r-release-macos-arm64 | 1.0.7 | 18.00 | NOTE | |||
r-release-macos-x86_64 | 1.0.7 | 20.00 | NOTE | |||
r-release-windows-x86_64 | 1.0.7 | 5.00 | 40.00 | 45.00 | NOTE | |
r-oldrel-macos-arm64 | 1.0.7 | 17.00 | NOTE | |||
r-oldrel-windows-x86_64 | 1.0.7 | 6.00 | 46.00 | 52.00 | NOTE |
Version: 1.0.7
Check: package dependencies
Result: NOTE
Package which this enhances but not available for checking: ‘gurobi’
Flavors: r-devel-linux-x86_64-debian-clang, r-devel-linux-x86_64-debian-gcc, r-devel-linux-x86_64-fedora-clang, r-devel-linux-x86_64-fedora-gcc, r-prerel-macos-arm64, r-prerel-windows-x86_64, r-patched-linux-x86_64, r-release-linux-x86_64, r-release-macos-arm64, r-release-macos-x86_64, r-release-windows-x86_64, r-oldrel-macos-arm64, r-oldrel-windows-x86_64