CRAN Package Check Results for Package incidence

Last updated on 2021-07-29 10:53:03 CEST.

Flavor Version Tinstall Tcheck Ttotal Status Flags
r-devel-linux-x86_64-debian-clang 1.7.3 OK
r-devel-linux-x86_64-debian-gcc 1.7.3 3.51 77.70 81.21 OK
r-devel-linux-x86_64-fedora-clang 1.7.3 134.41 OK
r-devel-linux-x86_64-fedora-gcc 1.7.3 128.03 OK
r-devel-windows-x86_64 1.7.3 5.00 131.00 136.00 OK
r-devel-windows-x86_64-gcc10-UCRT 1.7.3 OK
r-patched-linux-x86_64 1.7.3 5.13 98.54 103.67 OK
r-patched-solaris-x86 1.7.3 159.40 OK
r-release-linux-x86_64 1.7.3 4.42 98.15 102.57 OK
r-release-macos-arm64 1.7.3 WARN
r-release-macos-x86_64 1.7.3 OK
r-release-windows-ix86+x86_64 1.7.3 9.00 130.00 139.00 OK
r-oldrel-macos-x86_64 1.7.3 OK
r-oldrel-windows-ix86+x86_64 1.7.3 8.00 133.00 141.00 OK

Check Details

Version: 1.7.3
Check: re-building of vignette outputs
Result: WARN
    Error(s) in re-building vignettes:
    --- re-building ‘conversions.Rmd’ using rmarkdown
    Warning in engine$weave(file, quiet = quiet, encoding = enc) :
     Pandoc (>= 1.12.3) not available. Falling back to R Markdown v1.
    Quitting from lines 49-55 (conversions.Rmd)
    Error: processing vignette 'conversions.Rmd' failed with diagnostics:
    polygon edge not found
    --- failed re-building ‘conversions.Rmd’
    
    --- re-building ‘customize_plot.Rmd’ using rmarkdown
    Warning in engine$weave(file, quiet = quiet, encoding = enc) :
     Pandoc (>= 1.12.3) not available. Falling back to R Markdown v1.
    Quitting from lines 78-81 (customize_plot.Rmd)
    Error: processing vignette 'customize_plot.Rmd' failed with diagnostics:
    polygon edge not found
    --- failed re-building ‘customize_plot.Rmd’
    
    --- re-building ‘incidence_class.Rmd’ using rmarkdown
    Warning in engine$weave(file, quiet = quiet, encoding = enc) :
     Pandoc (>= 1.12.3) not available. Falling back to R Markdown v1.
    Quitting from lines 47-50 (incidence_class.Rmd)
    Error: processing vignette 'incidence_class.Rmd' failed with diagnostics:
    polygon edge not found
    --- failed re-building ‘incidence_class.Rmd’
    
    --- re-building ‘incidence_fit_class.Rmd’ using rmarkdown
    Warning in engine$weave(file, quiet = quiet, encoding = enc) :
     Pandoc (>= 1.12.3) not available. Falling back to R Markdown v1.
    Quitting from lines 55-63 (incidence_fit_class.Rmd)
    Error: processing vignette 'incidence_fit_class.Rmd' failed with diagnostics:
    polygon edge not found
    --- failed re-building ‘incidence_fit_class.Rmd’
    
    --- re-building ‘overview.Rmd’ using rmarkdown
    Warning in engine$weave(file, quiet = quiet, encoding = enc) :
     Pandoc (>= 1.12.3) not available. Falling back to R Markdown v1.
    Quitting from lines 132-135 (overview.Rmd)
    Error: processing vignette 'overview.Rmd' failed with diagnostics:
    polygon edge not found
    --- failed re-building ‘overview.Rmd’
    
    SUMMARY: processing the following files failed:
     ‘conversions.Rmd’ ‘customize_plot.Rmd’ ‘incidence_class.Rmd’
     ‘incidence_fit_class.Rmd’ ‘overview.Rmd’
    
    Error: Vignette re-building failed.
    Execution halted
Flavor: r-release-macos-arm64