CRAN Package Check Results for Package incgraph

Last updated on 2021-10-26 10:04:29 CEST.

Flavor Version Tinstall Tcheck Ttotal Status Flags
r-devel-linux-x86_64-debian-clang 1.0.1 23.69 57.09 80.78 OK
r-devel-linux-x86_64-debian-gcc 1.0.1 18.03 44.07 62.10 OK
r-devel-linux-x86_64-fedora-clang 1.0.1 116.60 NOTE
r-devel-linux-x86_64-fedora-gcc 1.0.1 101.95 NOTE
r-devel-windows-x86_64 1.0.1 33.00 84.00 117.00 OK
r-devel-windows-x86_64-gcc10-UCRT 1.0.1 NOTE
r-patched-linux-x86_64 1.0.1 30.55 53.64 84.19 OK
r-patched-solaris-x86 1.0.1 125.20 NOTE
r-release-linux-x86_64 1.0.1 20.55 53.11 73.66 OK
r-release-macos-arm64 1.0.1 NOTE
r-release-macos-x86_64 1.0.1 NOTE
r-release-windows-ix86+x86_64 1.0.1 41.00 124.00 165.00 OK
r-oldrel-macos-x86_64 1.0.1 NOTE
r-oldrel-windows-ix86+x86_64 1.0.1 61.00 129.00 190.00 OK

Check Details

Version: 1.0.1
Check: dependencies in R code
Result: NOTE
    Namespace in Imports field not imported from: ‘testthat’
     All declared Imports should be used.
Flavors: r-devel-linux-x86_64-fedora-clang, r-devel-linux-x86_64-fedora-gcc, r-devel-windows-x86_64-gcc10-UCRT, r-patched-solaris-x86, r-release-macos-arm64, r-release-macos-x86_64, r-oldrel-macos-x86_64