CRAN Package Check Results for Package inca

Last updated on 2021-10-19 09:54:15 CEST.

Flavor Version Tinstall Tcheck Ttotal Status Flags
r-devel-linux-x86_64-debian-clang 0.0.4 49.43 60.50 109.93 OK
r-devel-linux-x86_64-debian-gcc 0.0.4 31.43 48.33 79.76 OK
r-devel-linux-x86_64-fedora-clang 0.0.4 151.73 OK
r-devel-linux-x86_64-fedora-gcc 0.0.4 133.07 OK
r-devel-windows-x86_64 0.0.4 51.00 98.00 149.00 OK
r-devel-windows-x86_64-gcc10-UCRT 0.0.4 OK
r-patched-linux-x86_64 0.0.4 37.52 59.01 96.53 OK
r-patched-solaris-x86 0.0.4 158.40 OK
r-release-linux-x86_64 0.0.4 37.70 59.96 97.66 OK
r-release-macos-arm64 0.0.4 NOTE
r-release-macos-x86_64 0.0.4 OK
r-release-windows-ix86+x86_64 0.0.4 65.00 130.00 195.00 OK
r-oldrel-macos-x86_64 0.0.4 NOTE
r-oldrel-windows-ix86+x86_64 0.0.4 100.00 133.00 233.00 OK

Check Details

Version: 0.0.4
Check: installed package size
Result: NOTE
     installed size is 6.2Mb
     sub-directories of 1Mb or more:
     libs 6.1Mb
Flavors: r-release-macos-arm64, r-oldrel-macos-x86_64