CRAN Package Check Results for Package imputeTS

Last updated on 2021-09-24 09:54:25 CEST.

Flavor Version Tinstall Tcheck Ttotal Status Flags
r-devel-linux-x86_64-debian-clang 3.2 36.11 180.59 216.70 OK
r-devel-linux-x86_64-debian-gcc 3.2 24.00 131.00 155.00 OK
r-devel-linux-x86_64-fedora-clang 3.2 272.94 OK
r-devel-linux-x86_64-fedora-gcc 3.2 258.21 OK
r-devel-windows-x86_64 3.2 33.00 182.00 215.00 OK
r-devel-windows-x86_64-gcc10-UCRT 3.2 OK
r-patched-linux-x86_64 3.2 29.90 176.47 206.37 OK
r-patched-solaris-x86 3.2 359.30 OK
r-release-linux-x86_64 3.2 29.44 177.25 206.69 OK
r-release-macos-arm64 3.2 OK
r-release-macos-x86_64 3.2 OK
r-release-windows-ix86+x86_64 3.2 83.00 279.00 362.00 NOTE
r-oldrel-macos-x86_64 3.2 OK
r-oldrel-windows-ix86+x86_64 3.2 62.00 288.00 350.00 NOTE

Check Details

Version: 3.2
Check: installed package size
Result: NOTE
     installed size is 5.1Mb
     sub-directories of 1Mb or more:
     data 1.3Mb
     doc 1.1Mb
     libs 2.1Mb
Flavors: r-release-windows-ix86+x86_64, r-oldrel-windows-ix86+x86_64