CRAN Package Check Results for Package iml

Last updated on 2021-07-29 10:53:03 CEST.

Flavor Version Tinstall Tcheck Ttotal Status Flags
r-devel-linux-x86_64-debian-clang 0.10.1 OK
r-devel-linux-x86_64-debian-gcc 0.10.1 11.84 261.50 273.34 OK
r-devel-linux-x86_64-fedora-clang 0.10.1 449.87 NOTE
r-devel-linux-x86_64-fedora-gcc 0.10.1 418.29 NOTE
r-devel-windows-x86_64 0.10.1 20.00 348.00 368.00 OK
r-devel-windows-x86_64-gcc10-UCRT 0.10.1 NOTE
r-patched-linux-x86_64 0.10.1 13.84 322.03 335.87 OK
r-patched-solaris-x86 0.10.1 618.90 NOTE
r-release-linux-x86_64 0.10.1 12.35 322.49 334.84 OK
r-release-macos-arm64 0.10.1 WARN
r-release-macos-x86_64 0.10.1 NOTE
r-release-windows-ix86+x86_64 0.10.1 31.00 352.00 383.00 OK
r-oldrel-macos-x86_64 0.10.1 NOTE
r-oldrel-windows-ix86+x86_64 0.10.1 23.00 360.00 383.00 OK

Check Details

Version: 0.10.1
Check: dependencies in R code
Result: NOTE
    Namespace in Imports field not imported from: ‘keras’
     All declared Imports should be used.
Flavors: r-devel-linux-x86_64-fedora-clang, r-devel-linux-x86_64-fedora-gcc, r-devel-windows-x86_64-gcc10-UCRT, r-patched-solaris-x86, r-release-macos-arm64, r-release-macos-x86_64, r-oldrel-macos-x86_64

Version: 0.10.1
Check: re-building of vignette outputs
Result: WARN
    Error(s) in re-building vignettes:
     ...
    --- re-building ‘intro.Rmd’ using rmarkdown
    Warning in engine$weave(file, quiet = quiet, encoding = enc) :
     Pandoc (>= 1.12.3) not available. Falling back to R Markdown v1.
    randomForest 4.6-14
    Type rfNews() to see new features/changes/bug fixes.
    Quitting from lines 79-83 (intro.Rmd)
    Error: processing vignette 'intro.Rmd' failed with diagnostics:
    polygon edge not found
    --- failed re-building ‘intro.Rmd’
    
    --- re-building ‘parallel.Rmd’ using rmarkdown
    Warning in engine$weave(file, quiet = quiet, encoding = enc) :
     Pandoc (>= 1.12.3) not available. Falling back to R Markdown v1.
    Quitting from lines 47-50 (parallel.Rmd)
    Error: processing vignette 'parallel.Rmd' failed with diagnostics:
    polygon edge not found
    --- failed re-building ‘parallel.Rmd’
    
    SUMMARY: processing the following files failed:
     ‘intro.Rmd’ ‘parallel.Rmd’
    
    Error: Vignette re-building failed.
    Execution halted
Flavor: r-release-macos-arm64