Last updated on 2024-04-18 10:49:51 CEST.
Flavor | Version | Tinstall | Tcheck | Ttotal | Status | Flags |
---|---|---|---|---|---|---|
r-devel-linux-x86_64-debian-clang | 0.1.1 | 19.45 | 61.59 | 81.04 | NOTE | |
r-devel-linux-x86_64-debian-gcc | 0.1.1 | 15.50 | 46.08 | 61.58 | NOTE | |
r-devel-linux-x86_64-fedora-clang | 0.1.1 | 110.58 | NOTE | |||
r-devel-linux-x86_64-fedora-gcc | 0.1.1 | 104.26 | NOTE | |||
r-prerel-macos-arm64 | 0.1.1 | 30.00 | NOTE | |||
r-prerel-windows-x86_64 | 0.1.1 | 19.00 | 85.00 | 104.00 | NOTE | |
r-patched-linux-x86_64 | 0.1.1 | 20.69 | 60.51 | 81.20 | NOTE | |
r-release-linux-x86_64 | 0.1.1 | 23.66 | 58.18 | 81.84 | OK | |
r-release-macos-arm64 | 0.1.1 | 33.00 | OK | |||
r-release-macos-x86_64 | 0.1.1 | 54.00 | OK | |||
r-release-windows-x86_64 | 0.1.1 | 25.00 | 95.00 | 120.00 | OK | |
r-oldrel-macos-arm64 | 0.1.1 | 33.00 | OK | |||
r-oldrel-windows-x86_64 | 0.1.1 | 22.00 | 96.00 | 118.00 | OK |
Version: 0.1.1
Check: Rd files
Result: NOTE
checkRd: (-1) image_contour_detector.Rd:19: Lost braces in \itemize; \value handles \item{}{} directly
checkRd: (-1) image_contour_detector.Rd:20: Lost braces in \itemize; \value handles \item{}{} directly
checkRd: (-1) image_contour_detector.Rd:21: Lost braces in \itemize; \value handles \item{}{} directly
Flavors: r-devel-linux-x86_64-debian-clang, r-devel-linux-x86_64-debian-gcc, r-devel-linux-x86_64-fedora-clang, r-devel-linux-x86_64-fedora-gcc, r-prerel-macos-arm64, r-prerel-windows-x86_64, r-patched-linux-x86_64