CRAN Package Check Results for Package image.CannyEdges

Last updated on 2021-10-25 09:55:23 CEST.

Flavor Version Tinstall Tcheck Ttotal Status Flags
r-devel-linux-x86_64-debian-clang 0.1.0 17.56 26.41 43.97 OK
r-devel-linux-x86_64-debian-gcc 0.1.0 13.37 20.69 34.06 OK
r-devel-linux-x86_64-fedora-clang 0.1.0 72.53 OK
r-devel-linux-x86_64-fedora-gcc 0.1.0 59.12 OK
r-devel-windows-x86_64 0.1.0 26.00 51.00 77.00 OK
r-devel-windows-x86_64-gcc10-UCRT 0.1.0 OK
r-patched-linux-x86_64 0.1.0 16.37 25.69 42.06 OK
r-patched-solaris-x86 0.1.0 74.70 OK
r-release-linux-x86_64 0.1.0 15.84 25.42 41.26 OK
r-release-macos-arm64 0.1.0 OK
r-release-macos-x86_64 0.1.0 OK
r-release-windows-ix86+x86_64 0.1.0 36.00 79.00 115.00 NOTE
r-oldrel-macos-x86_64 0.1.0 OK
r-oldrel-windows-ix86+x86_64 0.1.0 51.00 89.00 140.00 NOTE

Check Details

Version: 0.1.0
Check: installed package size
Result: NOTE
     installed size is 5.5Mb
     sub-directories of 1Mb or more:
     extdata 1.7Mb
     libs 3.7Mb
Flavors: r-release-windows-ix86+x86_64, r-oldrel-windows-ix86+x86_64