CRAN Package Check Results for Package ihpdr

Last updated on 2021-09-17 09:53:26 CEST.

Flavor Version Tinstall Tcheck Ttotal Status Flags
r-devel-linux-x86_64-debian-clang 1.2.1 6.05 60.73 66.78 NOTE
r-devel-linux-x86_64-debian-gcc 1.2.1 5.01 44.66 49.67 NOTE
r-devel-linux-x86_64-fedora-clang 1.2.1 87.97 NOTE
r-devel-linux-x86_64-fedora-gcc 1.2.1 75.24 NOTE
r-devel-windows-x86_64 1.2.1 8.00 82.00 90.00 NOTE
r-devel-windows-x86_64-gcc10-UCRT 1.2.1 NOTE
r-patched-linux-x86_64 1.2.1 5.23 55.88 61.11 NOTE
r-patched-solaris-x86 1.2.1 108.20 NOTE
r-release-linux-x86_64 1.2.1 6.51 55.49 62.00 NOTE
r-release-macos-arm64 1.2.1 NOTE
r-release-macos-x86_64 1.2.1 NOTE
r-release-windows-ix86+x86_64 1.2.1 16.00 58.00 74.00 NOTE
r-oldrel-macos-x86_64 1.2.1 OK
r-oldrel-windows-ix86+x86_64 1.2.1 11.00 74.00 85.00 OK

Check Details

Version: 1.2.1
Check: LazyData
Result: NOTE
     'LazyData' is specified without a 'data' directory
Flavors: r-devel-linux-x86_64-debian-clang, r-devel-linux-x86_64-debian-gcc, r-devel-linux-x86_64-fedora-clang, r-devel-linux-x86_64-fedora-gcc, r-devel-windows-x86_64, r-devel-windows-x86_64-gcc10-UCRT, r-patched-linux-x86_64, r-patched-solaris-x86, r-release-linux-x86_64, r-release-macos-arm64, r-release-macos-x86_64, r-release-windows-ix86+x86_64