CRAN Package Check Results for Package igraphinshiny

Last updated on 2021-10-27 10:09:48 CEST.

Flavor Version Tinstall Tcheck Ttotal Status Flags
r-devel-linux-x86_64-debian-clang 0.1 2.69 35.75 38.44 NOTE
r-devel-linux-x86_64-debian-gcc 0.1 2.39 27.83 30.22 NOTE
r-devel-linux-x86_64-fedora-clang 0.1 57.77 NOTE
r-devel-linux-x86_64-fedora-gcc 0.1 49.57 NOTE
r-devel-windows-x86_64 0.1 6.00 61.00 67.00 NOTE
r-devel-windows-x86_64-gcc10-UCRT 0.1 NOTE
r-patched-linux-x86_64 0.1 2.96 34.46 37.42 NOTE
r-patched-solaris-x86 0.1 76.90 NOTE
r-release-linux-x86_64 0.1 3.26 34.40 37.66 NOTE
r-release-macos-arm64 0.1 NOTE
r-release-macos-x86_64 0.1 NOTE
r-release-windows-ix86+x86_64 0.1 6.00 50.00 56.00 NOTE
r-oldrel-macos-x86_64 0.1 OK
r-oldrel-windows-ix86+x86_64 0.1 8.00 63.00 71.00 OK

Check Details

Version: 0.1
Check: LazyData
Result: NOTE
     'LazyData' is specified without a 'data' directory
Flavors: r-devel-linux-x86_64-debian-clang, r-devel-linux-x86_64-debian-gcc, r-devel-linux-x86_64-fedora-clang, r-devel-linux-x86_64-fedora-gcc, r-devel-windows-x86_64, r-devel-windows-x86_64-gcc10-UCRT, r-patched-linux-x86_64, r-patched-solaris-x86, r-release-linux-x86_64, r-release-macos-arm64, r-release-macos-x86_64, r-release-windows-ix86+x86_64