CRAN Package Check Results for Package igraph

Last updated on 2021-09-26 09:49:38 CEST.

Flavor Version Tinstall Tcheck Ttotal Status Flags
r-devel-linux-x86_64-debian-clang 1.2.6 252.56 223.76 476.32 WARN
r-devel-linux-x86_64-debian-gcc 1.2.6 174.37 167.38 341.75 WARN
r-devel-linux-x86_64-fedora-clang 1.2.6 644.41 NOTE
r-devel-linux-x86_64-fedora-gcc 1.2.6 569.40 OK
r-devel-windows-x86_64 1.2.6 297.00 243.00 540.00 NOTE
r-devel-windows-x86_64-gcc10-UCRT 1.2.6 OK
r-patched-linux-x86_64 1.2.6 203.61 214.35 417.96 WARN
r-patched-solaris-x86 1.2.6 714.50 NOTE
r-release-linux-x86_64 1.2.6 203.29 213.82 417.11 WARN
r-release-macos-arm64 1.2.6 NOTE
r-release-macos-x86_64 1.2.6 NOTE
r-release-windows-ix86+x86_64 1.2.6 727.00 324.00 1051.00 NOTE
r-oldrel-macos-x86_64 1.2.6 NOTE
r-oldrel-windows-ix86+x86_64 1.2.6 557.00 331.00 888.00 NOTE

Check Details

Version: 1.2.6
Check: top-level files
Result: WARN
     Output from running autoreconf:
     configure.ac:71: warning: The macro `AC_HELP_STRING' is obsolete.
     configure.ac:71: You should run autoupdate.
     ./lib/autoconf/general.m4:204: AC_HELP_STRING is expanded from...
     configure.ac:71: the top level
     configure.ac:110: warning: The macro `AC_HELP_STRING' is obsolete.
     configure.ac:110: You should run autoupdate.
     ./lib/autoconf/general.m4:204: AC_HELP_STRING is expanded from...
     configure.ac:110: the top level
     configure.ac:127: warning: The macro `AC_HELP_STRING' is obsolete.
     configure.ac:127: You should run autoupdate.
     ./lib/autoconf/general.m4:204: AC_HELP_STRING is expanded from...
     configure.ac:127: the top level
Flavors: r-devel-linux-x86_64-debian-clang, r-devel-linux-x86_64-debian-gcc, r-patched-linux-x86_64, r-release-linux-x86_64

Version: 1.2.6
Check: installed package size
Result: NOTE
     installed size is 16.9Mb
     sub-directories of 1Mb or more:
     R 1.4Mb
     help 1.1Mb
     libs 14.0Mb
Flavors: r-devel-linux-x86_64-fedora-clang, r-devel-windows-x86_64, r-patched-solaris-x86, r-release-macos-arm64, r-release-macos-x86_64, r-release-windows-ix86+x86_64, r-oldrel-macos-x86_64, r-oldrel-windows-ix86+x86_64