CRAN Package Check Results for Package identity

Last updated on 2021-12-01 09:54:31 CET.

Flavor Version Tinstall Tcheck Ttotal Status Flags
r-devel-linux-x86_64-debian-clang 0.2-1 3.33 18.42 21.75 NOTE
r-devel-linux-x86_64-debian-gcc 0.2-1 2.08 16.07 18.15 NOTE
r-devel-linux-x86_64-fedora-clang 0.2-1 38.54 NOTE
r-devel-linux-x86_64-fedora-gcc 0.2-1 27.58 NOTE
r-devel-windows-x86_64-new-UL 0.2-1 10.00 48.00 58.00 OK
r-devel-windows-x86_64-new-TK 0.2-1 OK
r-devel-windows-x86_64-old 0.2-1 6.00 25.00 31.00 OK
r-patched-linux-x86_64 0.2-1 3.05 17.75 20.80 NOTE
r-patched-solaris-x86 0.2-1 42.00 OK
r-release-linux-x86_64 0.2-1 2.96 17.61 20.57 NOTE
r-release-macos-arm64 0.2-1 OK
r-release-macos-x86_64 0.2-1 OK
r-release-windows-ix86+x86_64 0.2-1 11.00 30.00 41.00 OK
r-oldrel-macos-x86_64 0.2-1 OK
r-oldrel-windows-ix86+x86_64 0.2-1 8.00 30.00 38.00 OK

Check Details

Version: 0.2-1
Check: top-level files
Result: NOTE
    Non-standard file/directory found at top level:
     'README.Idcoefs2b1.txt'
Flavors: r-devel-linux-x86_64-debian-clang, r-devel-linux-x86_64-debian-gcc, r-devel-linux-x86_64-fedora-clang, r-devel-linux-x86_64-fedora-gcc, r-patched-linux-x86_64, r-release-linux-x86_64

Version: 0.2-1
Check: compiled code
Result: NOTE
    File ‘identity/libs/identity.so’:
     Found no calls to: ‘R_registerRoutines’, ‘R_useDynamicSymbols’
    
    It is good practice to register native routines and to disable symbol
    search.
    
    See ‘Writing portable packages’ in the ‘Writing R Extensions’ manual.
Flavors: r-devel-linux-x86_64-fedora-clang, r-devel-linux-x86_64-fedora-gcc