CRAN Package Check Results for Package idem

Last updated on 2021-07-25 09:50:21 CEST.

Flavor Version Tinstall Tcheck Ttotal Status Flags
r-devel-linux-x86_64-debian-clang 5.1 122.73 177.35 300.08 NOTE
r-devel-linux-x86_64-debian-gcc 5.1 107.34 134.73 242.07 NOTE
r-devel-linux-x86_64-fedora-clang 5.1 380.90 NOTE
r-devel-linux-x86_64-fedora-gcc 5.1 395.38 NOTE
r-devel-windows-x86_64 5.1 104.00 180.00 284.00 NOTE
r-devel-windows-x86_64-gcc10-UCRT 5.1 NOTE
r-patched-linux-x86_64 5.1 113.86 170.98 284.84 NOTE
r-patched-solaris-x86 5.1 444.10 NOTE
r-release-linux-x86_64 5.1 117.52 171.05 288.57 NOTE
r-release-macos-arm64 5.1 NOTE
r-release-macos-x86_64 5.1 NOTE
r-release-windows-ix86+x86_64 5.1 266.00 224.00 490.00 NOTE
r-oldrel-macos-x86_64 5.1 NOTE
r-oldrel-windows-ix86+x86_64 5.1 274.00 277.00 551.00 NOTE

Check Details

Version: 5.1
Check: for GNU extensions in Makefiles
Result: NOTE
    GNU make is a SystemRequirements.
Flavors: r-devel-linux-x86_64-debian-clang, r-devel-linux-x86_64-debian-gcc, r-devel-linux-x86_64-fedora-clang, r-devel-linux-x86_64-fedora-gcc, r-devel-windows-x86_64, r-devel-windows-x86_64-gcc10-UCRT, r-patched-linux-x86_64, r-patched-solaris-x86, r-release-linux-x86_64, r-release-macos-arm64, r-release-macos-x86_64, r-release-windows-ix86+x86_64, r-oldrel-macos-x86_64, r-oldrel-windows-ix86+x86_64

Version: 5.1
Check: installed package size
Result: NOTE
     installed size is 28.8Mb
     sub-directories of 1Mb or more:
     doc 1.2Mb
     libs 27.1Mb
Flavors: r-devel-linux-x86_64-fedora-clang, r-release-macos-arm64, r-release-macos-x86_64, r-release-windows-ix86+x86_64, r-oldrel-macos-x86_64, r-oldrel-windows-ix86+x86_64

Version: 5.1
Check: line endings in C/C++/Fortran sources/headers
Result: NOTE
    Found the following sources/headers with CR or CRLF line endings:
     src/stan_files/idem.hpp
    Some Unix compilers require LF line endings.
Flavor: r-devel-windows-x86_64-gcc10-UCRT