CRAN Package Check Results for Package icpsrdata

Last updated on 2021-10-19 09:54:15 CEST.

Flavor Version Tinstall Tcheck Ttotal Status Flags
r-devel-linux-x86_64-debian-clang 0.5.0 2.58 27.06 29.64 NOTE
r-devel-linux-x86_64-debian-gcc 0.5.0 1.96 21.18 23.14 NOTE
r-devel-linux-x86_64-fedora-clang 0.5.0 47.75 NOTE
r-devel-linux-x86_64-fedora-gcc 0.5.0 35.58 NOTE
r-devel-windows-x86_64 0.5.0 5.00 49.00 54.00 NOTE
r-devel-windows-x86_64-gcc10-UCRT 0.5.0 NOTE
r-patched-linux-x86_64 0.5.0 2.47 25.84 28.31 NOTE
r-patched-solaris-x86 0.5.0 56.90 NOTE
r-release-linux-x86_64 0.5.0 2.34 26.16 28.50 NOTE
r-release-macos-arm64 0.5.0 NOTE
r-release-macos-x86_64 0.5.0 NOTE
r-release-windows-ix86+x86_64 0.5.0 5.00 44.00 49.00 NOTE
r-oldrel-macos-x86_64 0.5.0 OK
r-oldrel-windows-ix86+x86_64 0.5.0 7.00 45.00 52.00 OK

Check Details

Version: 0.5.0
Check: LazyData
Result: NOTE
     'LazyData' is specified without a 'data' directory
Flavors: r-devel-linux-x86_64-debian-clang, r-devel-linux-x86_64-debian-gcc, r-devel-linux-x86_64-fedora-clang, r-devel-linux-x86_64-fedora-gcc, r-devel-windows-x86_64, r-devel-windows-x86_64-gcc10-UCRT, r-patched-linux-x86_64, r-patched-solaris-x86, r-release-linux-x86_64, r-release-macos-arm64, r-release-macos-x86_64, r-release-windows-ix86+x86_64